Last updated on 2022-04-24 03:52:27 CEST.
Flavor | Version | Tinstall | Tcheck | Ttotal | Status | Flags |
---|---|---|---|---|---|---|
r-devel-linux-x86_64-debian-clang | 1.1.1 | 9.07 | 45.78 | 54.85 | NOTE | |
r-devel-linux-x86_64-debian-gcc | 1.1.1 | 7.59 | 34.79 | 42.38 | NOTE | |
r-devel-linux-x86_64-fedora-clang | 1.1.1 | 68.38 | NOTE | |||
r-devel-linux-x86_64-fedora-gcc | 1.1.1 | 57.11 | NOTE | |||
r-patched-linux-x86_64 | 1.1.1 | 9.46 | 44.40 | 53.86 | NOTE | |
r-release-linux-x86_64 | 1.1.1 | 7.67 | 44.09 | 51.76 | NOTE | |
r-release-macos-arm64 | 1.1.1 | NOTE | ||||
r-release-macos-x86_64 | 1.1.1 | NOTE | ||||
r-release-windows-x86_64 | 1.1.1 | 20.00 | 60.00 | 80.00 | NOTE | |
r-oldrel-macos-arm64 | 1.1.1 | NOTE | ||||
r-oldrel-macos-x86_64 | 1.1.1 | NOTE | ||||
r-oldrel-windows-ix86+x86_64 | 1.1.1 | 26.00 | 59.00 | 85.00 | NOTE |
Version: 1.1.1
Check: LazyData
Result: NOTE
'LazyData' is specified without a 'data' directory
Flavors: r-devel-linux-x86_64-debian-clang, r-devel-linux-x86_64-debian-gcc, r-devel-linux-x86_64-fedora-clang, r-devel-linux-x86_64-fedora-gcc, r-patched-linux-x86_64, r-release-linux-x86_64, r-release-macos-arm64, r-release-macos-x86_64, r-release-windows-x86_64, r-oldrel-macos-arm64, r-oldrel-macos-x86_64, r-oldrel-windows-ix86+x86_64
Version: 1.1.1
Check: Rd cross-references
Result: NOTE
Undeclared packages ‘repeated’, ‘gnlm’ in Rd xrefs
Flavor: r-devel-linux-x86_64-fedora-clang