Last updated on 2022-04-24 03:52:27 CEST.
Flavor | Version | Tinstall | Tcheck | Ttotal | Status | Flags |
---|---|---|---|---|---|---|
r-devel-linux-x86_64-debian-clang | 1.2.0 | 2.13 | 31.09 | 33.22 | NOTE | |
r-devel-linux-x86_64-debian-gcc | 1.2.0 | 1.93 | 24.03 | 25.96 | NOTE | |
r-devel-linux-x86_64-fedora-clang | 1.2.0 | 41.53 | NOTE | |||
r-devel-linux-x86_64-fedora-gcc | 1.2.0 | 30.45 | NOTE | |||
r-patched-linux-x86_64 | 1.2.0 | 2.50 | 29.93 | 32.43 | NOTE | |
r-release-linux-x86_64 | 1.2.0 | 2.12 | 29.43 | 31.55 | NOTE | |
r-release-macos-arm64 | 1.2.0 | NOTE | ||||
r-release-macos-x86_64 | 1.2.0 | NOTE | ||||
r-release-windows-x86_64 | 1.2.0 | 64.00 | 44.00 | 108.00 | NOTE | |
r-oldrel-macos-arm64 | 1.2.0 | NOTE | ||||
r-oldrel-macos-x86_64 | 1.2.0 | NOTE | ||||
r-oldrel-windows-ix86+x86_64 | 1.2.0 | 5.00 | 24.00 | 29.00 | NOTE |
Version: 1.2.0
Check: DESCRIPTION meta-information
Result: NOTE
Malformed Description field: should contain one or more complete sentences.
Flavors: r-devel-linux-x86_64-debian-clang, r-devel-linux-x86_64-debian-gcc, r-devel-linux-x86_64-fedora-clang, r-devel-linux-x86_64-fedora-gcc, r-patched-linux-x86_64, r-release-linux-x86_64, r-release-macos-arm64, r-release-macos-x86_64, r-release-windows-x86_64, r-oldrel-macos-arm64, r-oldrel-macos-x86_64, r-oldrel-windows-ix86+x86_64