Last updated on 2022-04-24 03:52:27 CEST.
Flavor | Version | Tinstall | Tcheck | Ttotal | Status | Flags |
---|---|---|---|---|---|---|
r-devel-linux-x86_64-debian-clang | 0.3.0 | 19.23 | 69.97 | 89.20 | ERROR | |
r-devel-linux-x86_64-debian-gcc | 0.3.0 | 14.47 | 50.41 | 64.88 | ERROR | |
r-devel-linux-x86_64-fedora-clang | 0.3.0 | 114.34 | ERROR | |||
r-devel-linux-x86_64-fedora-gcc | 0.3.0 | 94.08 | ERROR | |||
r-patched-linux-x86_64 | 0.3.0 | 17.19 | 65.19 | 82.38 | NOTE | |
r-release-linux-x86_64 | 0.3.0 | 16.58 | 62.88 | 79.46 | NOTE | |
r-release-macos-arm64 | 0.3.0 | NOTE | ||||
r-release-macos-x86_64 | 0.3.0 | NOTE | ||||
r-release-windows-x86_64 | 0.3.0 | 34.00 | 107.00 | 141.00 | NOTE | |
r-oldrel-macos-arm64 | 0.3.0 | NOTE | ||||
r-oldrel-macos-x86_64 | 0.3.0 | NOTE | ||||
r-oldrel-windows-ix86+x86_64 | 0.3.0 | 43.00 | 118.00 | 161.00 | NOTE |
Version: 0.3.0
Check: LazyData
Result: NOTE
'LazyData' is specified without a 'data' directory
Flavors: r-devel-linux-x86_64-debian-clang, r-devel-linux-x86_64-debian-gcc, r-devel-linux-x86_64-fedora-clang, r-devel-linux-x86_64-fedora-gcc, r-patched-linux-x86_64, r-release-linux-x86_64, r-release-macos-arm64, r-release-macos-x86_64, r-release-windows-x86_64, r-oldrel-macos-arm64, r-oldrel-macos-x86_64, r-oldrel-windows-ix86+x86_64
Version: 0.3.0
Check: tests
Result: ERROR
Running 'testthat.R' [16s/17s]
Running the tests in 'tests/testthat.R' failed.
Complete output:
> library(testthat)
> library(grpSLOPE)
>
> test_check("grpSLOPE")
[ FAIL 2 | WARN 0 | SKIP 0 | PASS 321 ]
== Failed tests ================================================================
-- Failure (test_grpSLOPE.R:24:3): when the groups are consecutive blocks ------
result$c not equal to `sol.c`.
2/10 mismatches (average diff: 13.3)
[3] 2.98 - 17.0 == -14.0
[4] 17.46 - 4.9 == 12.6
-- Failure (test_grpSLOPE.R:328:3): when the groups are consecutive blocks -----
result$c not equal to `sol.c`.
2/10 mismatches (average diff: 13.3)
[3] 2.98 - 17.0 == -14.0
[4] 17.46 - 4.9 == 12.6
[ FAIL 2 | WARN 0 | SKIP 0 | PASS 321 ]
Error: Test failures
Execution halted
Flavor: r-devel-linux-x86_64-debian-clang
Version: 0.3.0
Check: tests
Result: ERROR
Running ‘testthat.R’ [10s/17s]
Running the tests in ‘tests/testthat.R’ failed.
Complete output:
> library(testthat)
> library(grpSLOPE)
>
> test_check("grpSLOPE")
[ FAIL 2 | WARN 0 | SKIP 0 | PASS 321 ]
══ Failed tests ════════════════════════════════════════════════════════════════
── Failure (test_grpSLOPE.R:24:3): when the groups are consecutive blocks ──────
result$c not equal to `sol.c`.
2/10 mismatches (average diff: 13.3)
[3] 2.98 - 17.0 == -14.0
[4] 17.46 - 4.9 == 12.6
── Failure (test_grpSLOPE.R:328:3): when the groups are consecutive blocks ─────
result$c not equal to `sol.c`.
2/10 mismatches (average diff: 13.3)
[3] 2.98 - 17.0 == -14.0
[4] 17.46 - 4.9 == 12.6
[ FAIL 2 | WARN 0 | SKIP 0 | PASS 321 ]
Error: Test failures
Execution halted
Flavor: r-devel-linux-x86_64-debian-gcc
Version: 0.3.0
Check: tests
Result: ERROR
Running ‘testthat.R’ [17s/33s]
Running the tests in ‘tests/testthat.R’ failed.
Complete output:
> library(testthat)
> library(grpSLOPE)
>
> test_check("grpSLOPE")
[ FAIL 2 | WARN 0 | SKIP 0 | PASS 321 ]
══ Failed tests ════════════════════════════════════════════════════════════════
── Failure (test_grpSLOPE.R:24:3): when the groups are consecutive blocks ──────
result$c not equal to `sol.c`.
2/10 mismatches (average diff: 13.3)
[3] 2.98 - 17.0 == -14.0
[4] 17.46 - 4.9 == 12.6
── Failure (test_grpSLOPE.R:328:3): when the groups are consecutive blocks ─────
result$c not equal to `sol.c`.
2/10 mismatches (average diff: 13.3)
[3] 2.98 - 17.0 == -14.0
[4] 17.46 - 4.9 == 12.6
[ FAIL 2 | WARN 0 | SKIP 0 | PASS 321 ]
Error: Test failures
Execution halted
Flavor: r-devel-linux-x86_64-fedora-clang
Version: 0.3.0
Check: tests
Result: ERROR
Running ‘testthat.R’ [17s/17s]
Running the tests in ‘tests/testthat.R’ failed.
Complete output:
> library(testthat)
> library(grpSLOPE)
>
> test_check("grpSLOPE")
[ FAIL 2 | WARN 0 | SKIP 0 | PASS 321 ]
══ Failed tests ════════════════════════════════════════════════════════════════
── Failure (test_grpSLOPE.R:24:3): when the groups are consecutive blocks ──────
result$c not equal to `sol.c`.
2/10 mismatches (average diff: 13.3)
[3] 2.98 - 17.0 == -14.0
[4] 17.46 - 4.9 == 12.6
── Failure (test_grpSLOPE.R:328:3): when the groups are consecutive blocks ─────
result$c not equal to `sol.c`.
2/10 mismatches (average diff: 13.3)
[3] 2.98 - 17.0 == -14.0
[4] 17.46 - 4.9 == 12.6
[ FAIL 2 | WARN 0 | SKIP 0 | PASS 321 ]
Error: Test failures
Execution halted
Flavor: r-devel-linux-x86_64-fedora-gcc