Last updated on 2022-04-24 03:52:27 CEST.
Flavor | Version | Tinstall | Tcheck | Ttotal | Status | Flags |
---|---|---|---|---|---|---|
r-devel-linux-x86_64-debian-clang | 2.1 | 2.16 | 31.43 | 33.59 | NOTE | |
r-devel-linux-x86_64-debian-gcc | 2.1 | 1.64 | 23.90 | 25.54 | NOTE | |
r-devel-linux-x86_64-fedora-clang | 2.1 | 40.94 | NOTE | |||
r-devel-linux-x86_64-fedora-gcc | 2.1 | 29.03 | NOTE | |||
r-patched-linux-x86_64 | 2.1 | 1.86 | 30.38 | 32.24 | NOTE | |
r-release-linux-x86_64 | 2.1 | 1.92 | 29.54 | 31.46 | NOTE | |
r-release-macos-arm64 | 2.1 | NOTE | ||||
r-release-macos-x86_64 | 2.1 | NOTE | ||||
r-release-windows-x86_64 | 2.1 | 9.00 | 50.00 | 59.00 | NOTE | |
r-oldrel-macos-arm64 | 2.1 | NOTE | ||||
r-oldrel-macos-x86_64 | 2.1 | NOTE | ||||
r-oldrel-windows-ix86+x86_64 | 2.1 | 4.00 | 23.00 | 27.00 | NOTE |
Version: 2.1
Check: R code for possible problems
Result: NOTE
.gsa.assignGATKTableToEnvironment: no visible global function
definition for 'type.convert'
Undefined global functions or variables:
type.convert
Consider adding
importFrom("utils", "type.convert")
to your NAMESPACE file.
Flavors: r-devel-linux-x86_64-debian-clang, r-devel-linux-x86_64-debian-gcc, r-devel-linux-x86_64-fedora-clang, r-devel-linux-x86_64-fedora-gcc, r-patched-linux-x86_64, r-release-linux-x86_64, r-release-macos-arm64, r-release-macos-x86_64, r-release-windows-x86_64, r-oldrel-macos-arm64, r-oldrel-macos-x86_64, r-oldrel-windows-ix86+x86_64