Last updated on 2022-04-24 03:52:27 CEST.
Flavor | Version | Tinstall | Tcheck | Ttotal | Status | Flags |
---|---|---|---|---|---|---|
r-devel-linux-x86_64-debian-clang | 0.3-4 | 71.71 | 143.80 | 215.51 | WARN | |
r-devel-linux-x86_64-debian-gcc | 0.3-4 | 55.81 | 108.53 | 164.34 | WARN | |
r-devel-linux-x86_64-fedora-clang | 0.3-4 | 300.20 | WARN | |||
r-devel-linux-x86_64-fedora-gcc | 0.3-4 | 256.01 | WARN | |||
r-patched-linux-x86_64 | 0.3-4 | 68.83 | 137.04 | 205.87 | OK | |
r-release-linux-x86_64 | 0.3-4 | 63.36 | 136.00 | 199.36 | OK | |
r-release-macos-arm64 | 0.3-4 | OK | ||||
r-release-macos-x86_64 | 0.3-4 | OK | ||||
r-release-windows-x86_64 | 0.3-4 | 165.00 | 198.00 | 363.00 | OK | |
r-oldrel-macos-arm64 | 0.3-4 | OK | ||||
r-oldrel-macos-x86_64 | 0.3-4 | OK | ||||
r-oldrel-windows-ix86+x86_64 | 0.3-4 | 145.00 | 221.00 | 366.00 | OK |
Version: 0.3-4
Check: Rd files
Result: WARN
checkRd: (7) mexihat.Rd:43: invalid email address: <sylvain.pelissier@gmail.com>
checkRd: (7) morlet.Rd:38: invalid email address: <sylvain.pelissier@gmail.com>
checkRd: (7) nuttallwin.Rd:46: invalid email address: <sylvain.pelissier@gmail.com>
checkRd: (7) pburg.Rd:89: invalid email address: pvl@mecheng.adelaide.edu.au>
checkRd: (7) pyulear.Rd:75: invalid email address: pvl@mecheng.adelaide.edu.au>
Flavors: r-devel-linux-x86_64-debian-clang, r-devel-linux-x86_64-debian-gcc, r-devel-linux-x86_64-fedora-clang, r-devel-linux-x86_64-fedora-gcc