Last updated on 2022-04-24 03:52:27 CEST.
Flavor | Version | Tinstall | Tcheck | Ttotal | Status | Flags |
---|---|---|---|---|---|---|
r-devel-linux-x86_64-debian-clang | 0.1.0 | 1.84 | 38.64 | 40.48 | NOTE | |
r-devel-linux-x86_64-debian-gcc | 0.1.0 | 1.61 | 30.23 | 31.84 | NOTE | |
r-devel-linux-x86_64-fedora-clang | 0.1.0 | 50.14 | OK | |||
r-devel-linux-x86_64-fedora-gcc | 0.1.0 | 38.00 | OK | |||
r-patched-linux-x86_64 | 0.1.0 | 2.02 | 37.55 | 39.57 | NOTE | |
r-release-linux-x86_64 | 0.1.0 | 1.27 | 34.55 | 35.82 | NOTE | |
r-release-macos-arm64 | 0.1.0 | OK | ||||
r-release-macos-x86_64 | 0.1.0 | OK | ||||
r-release-windows-x86_64 | 0.1.0 | 12.00 | 59.00 | 71.00 | NOTE | |
r-oldrel-macos-arm64 | 0.1.0 | OK | ||||
r-oldrel-macos-x86_64 | 0.1.0 | OK | ||||
r-oldrel-windows-ix86+x86_64 | 0.1.0 | 4.00 | 45.00 | 49.00 | NOTE |
Version: 0.1.0
Check: package vignettes
Result: NOTE
Package vignette with placeholder title 'Vignette Title':
'Introduction.Rmd'
Flavors: r-devel-linux-x86_64-debian-clang, r-devel-linux-x86_64-debian-gcc, r-patched-linux-x86_64, r-release-linux-x86_64, r-release-windows-x86_64, r-oldrel-windows-ix86+x86_64