Last updated on 2022-04-24 03:52:27 CEST.
Flavor | Version | Tinstall | Tcheck | Ttotal | Status | Flags |
---|---|---|---|---|---|---|
r-devel-linux-x86_64-debian-clang | 0.1.7 | 2.32 | 33.24 | 35.56 | NOTE | |
r-devel-linux-x86_64-debian-gcc | 0.1.7 | 2.17 | 25.36 | 27.53 | NOTE | |
r-devel-linux-x86_64-fedora-clang | 0.1.7 | 43.89 | NOTE | |||
r-devel-linux-x86_64-fedora-gcc | 0.1.7 | 32.27 | NOTE | |||
r-patched-linux-x86_64 | 0.1.7 | 2.21 | 31.42 | 33.63 | NOTE | |
r-release-linux-x86_64 | 0.1.7 | 2.56 | 31.30 | 33.86 | NOTE | |
r-release-macos-arm64 | 0.1.7 | NOTE | ||||
r-release-macos-x86_64 | 0.1.7 | NOTE | ||||
r-release-windows-x86_64 | 0.1.7 | 14.00 | 48.00 | 62.00 | NOTE | |
r-oldrel-macos-arm64 | 0.1.7 | NOTE | ||||
r-oldrel-macos-x86_64 | 0.1.7 | NOTE | ||||
r-oldrel-windows-ix86+x86_64 | 0.1.7 | 8.00 | 36.00 | 44.00 | NOTE |
Version: 0.1.7
Check: DESCRIPTION meta-information
Result: NOTE
Malformed Description field: should contain one or more complete sentences.
Flavors: r-devel-linux-x86_64-debian-clang, r-devel-linux-x86_64-debian-gcc, r-devel-linux-x86_64-fedora-clang, r-devel-linux-x86_64-fedora-gcc, r-patched-linux-x86_64, r-release-linux-x86_64, r-release-macos-arm64, r-release-macos-x86_64, r-release-windows-x86_64, r-oldrel-macos-arm64, r-oldrel-macos-x86_64, r-oldrel-windows-ix86+x86_64
Version: 0.1.7
Check: compiled code
Result: NOTE
File ‘gsmoothr/libs/gsmoothr.so’:
Found no call to: ‘R_useDynamicSymbols’
It is good practice to register native routines and to disable symbol
search.
See ‘Writing portable packages’ in the ‘Writing R Extensions’ manual.
Flavors: r-devel-linux-x86_64-fedora-clang, r-devel-linux-x86_64-fedora-gcc