Last updated on 2022-04-24 03:52:27 CEST.
Flavor | Version | Tinstall | Tcheck | Ttotal | Status | Flags |
---|---|---|---|---|---|---|
r-devel-linux-x86_64-debian-clang | 1.2.1 | 68.70 | 138.07 | 206.77 | OK | |
r-devel-linux-x86_64-debian-gcc | 1.2.1 | 49.37 | 100.74 | 150.11 | OK | |
r-devel-linux-x86_64-fedora-clang | 1.2.1 | 254.11 | OK | |||
r-devel-linux-x86_64-fedora-gcc | 1.2.1 | 230.58 | OK | |||
r-patched-linux-x86_64 | 1.2.1 | 48.45 | 128.91 | 177.36 | OK | |
r-release-linux-x86_64 | 1.2.1 | 54.00 | 118.99 | 172.99 | OK | |
r-release-macos-arm64 | 1.2.1 | NOTE | ||||
r-release-macos-x86_64 | 1.2.1 | OK | ||||
r-release-windows-x86_64 | 1.2.1 | 52.00 | 155.00 | 207.00 | OK | |
r-oldrel-macos-arm64 | 1.2.1 | NOTE | ||||
r-oldrel-macos-x86_64 | 1.2.1 | OK | ||||
r-oldrel-windows-ix86+x86_64 | 1.2.1 | 133.00 | 180.00 | 313.00 | OK |
Version: 1.2.1
Check: installed package size
Result: NOTE
installed size is 5.5Mb
sub-directories of 1Mb or more:
libs 5.1Mb
Flavors: r-release-macos-arm64, r-oldrel-macos-arm64