Last updated on 2022-04-24 03:52:27 CEST.
Flavor | Version | Tinstall | Tcheck | Ttotal | Status | Flags |
---|---|---|---|---|---|---|
r-devel-linux-x86_64-debian-clang | 0.4.0 | 19.31 | 468.24 | 487.55 | OK | |
r-devel-linux-x86_64-debian-gcc | 0.5.0 | 16.47 | 347.93 | 364.40 | OK | |
r-devel-linux-x86_64-fedora-clang | 0.5.0 | 598.32 | NOTE | |||
r-devel-linux-x86_64-fedora-gcc | 0.5.0 | 580.79 | NOTE | |||
r-patched-linux-x86_64 | 0.5.0 | 21.12 | 436.75 | 457.87 | OK | |
r-release-linux-x86_64 | 0.4.0 | 19.86 | 423.86 | 443.72 | OK | |
r-release-macos-arm64 | 0.4.0 | NOTE | ||||
r-release-macos-x86_64 | 0.4.0 | NOTE | ||||
r-release-windows-x86_64 | 0.4.0 | 119.00 | 493.00 | 612.00 | NOTE | |
r-oldrel-macos-arm64 | 0.4.0 | NOTE | ||||
r-oldrel-macos-x86_64 | 0.4.0 | NOTE | ||||
r-oldrel-windows-ix86+x86_64 | 0.5.0 | 34.00 | 497.00 | 531.00 | NOTE |
Version: 0.5.0
Check: installed package size
Result: NOTE
installed size is 6.3Mb
sub-directories of 1Mb or more:
help 4.6Mb
Flavors: r-devel-linux-x86_64-fedora-clang, r-oldrel-windows-ix86+x86_64
Version: 0.5.0
Check: data for non-ASCII characters
Result: NOTE
Note: found 116 marked UTF-8 strings
Flavors: r-devel-linux-x86_64-fedora-clang, r-devel-linux-x86_64-fedora-gcc
Version: 0.4.0
Check: installed package size
Result: NOTE
installed size is 6.4Mb
sub-directories of 1Mb or more:
help 4.7Mb
Flavors: r-release-macos-arm64, r-release-macos-x86_64, r-release-windows-x86_64, r-oldrel-macos-arm64, r-oldrel-macos-x86_64
Version: 0.4.0
Check: data for non-ASCII characters
Result: NOTE
Note: found 116 marked UTF-8 strings
Flavors: r-release-macos-arm64, r-release-macos-x86_64, r-oldrel-macos-arm64, r-oldrel-macos-x86_64