Last updated on 2022-04-24 03:52:27 CEST.
Flavor | Version | Tinstall | Tcheck | Ttotal | Status | Flags |
---|---|---|---|---|---|---|
r-devel-linux-x86_64-debian-clang | 0.3.0 | 2.39 | 82.04 | 84.43 | OK | |
r-devel-linux-x86_64-debian-gcc | 0.3.0 | 2.27 | 57.58 | 59.85 | OK | |
r-devel-linux-x86_64-fedora-clang | 0.3.0 | 97.88 | OK | |||
r-devel-linux-x86_64-fedora-gcc | 0.3.0 | 85.50 | OK | |||
r-patched-linux-x86_64 | 0.3.0 | 2.75 | 75.15 | 77.90 | OK | |
r-release-linux-x86_64 | 0.3.0 | 2.07 | 70.86 | 72.93 | OK | |
r-release-macos-arm64 | 0.3.0 | OK | ||||
r-release-macos-x86_64 | 0.3.0 | WARN | ||||
r-release-windows-x86_64 | 0.3.0 | 48.00 | 95.00 | 143.00 | OK | |
r-oldrel-macos-arm64 | 0.3.0 | OK | ||||
r-oldrel-macos-x86_64 | 0.3.0 | WARN | ||||
r-oldrel-windows-ix86+x86_64 | 0.3.0 | 7.00 | 83.00 | 90.00 | OK |
Version: 0.3.0
Check: re-building of vignette outputs
Result: WARN
Error(s) in re-building vignettes:
...
--- re-building ‘profiling.Rmd’ using rmarkdown
Warning in engine$weave(file, quiet = quiet, encoding = enc) :
Pandoc (>= 1.12.3) not available. Falling back to R Markdown v1.
Quitting from lines 22-34 (profiling.Rmd)
Error: processing vignette 'profiling.Rmd' failed with diagnostics:
invalid 'path' argument
--- failed re-building ‘profiling.Rmd’
SUMMARY: processing the following file failed:
‘profiling.Rmd’
Error: Vignette re-building failed.
Execution halted
Flavors: r-release-macos-x86_64, r-oldrel-macos-x86_64