Last updated on 2022-04-24 03:52:27 CEST.
Flavor | Version | Tinstall | Tcheck | Ttotal | Status | Flags |
---|---|---|---|---|---|---|
r-devel-linux-x86_64-debian-clang | 0.0.5 | 62.32 | 132.38 | 194.70 | OK | |
r-devel-linux-x86_64-debian-gcc | 0.0.5 | 50.49 | 87.82 | 138.31 | OK | |
r-devel-linux-x86_64-fedora-clang | 0.0.5 | 243.34 | NOTE | |||
r-devel-linux-x86_64-fedora-gcc | 0.0.5 | 208.82 | OK | |||
r-patched-linux-x86_64 | 0.0.5 | 53.75 | 105.26 | 159.01 | OK | |
r-release-linux-x86_64 | 0.0.5 | 54.80 | 104.61 | 159.41 | OK | |
r-release-macos-arm64 | 0.0.5 | NOTE | ||||
r-release-macos-x86_64 | 0.0.5 | NOTE | ||||
r-release-windows-x86_64 | 0.0.5 | 87.00 | 159.00 | 246.00 | OK | |
r-oldrel-macos-arm64 | 0.0.5 | NOTE | ||||
r-oldrel-macos-x86_64 | 0.0.5 | NOTE | ||||
r-oldrel-windows-ix86+x86_64 | 0.0.5 | 140.00 | 166.00 | 306.00 | NOTE |
Version: 0.0.5
Check: installed package size
Result: NOTE
installed size is 5.9Mb
sub-directories of 1Mb or more:
doc 2.9Mb
libs 2.3Mb
Flavors: r-devel-linux-x86_64-fedora-clang, r-release-macos-arm64, r-release-macos-x86_64, r-oldrel-macos-arm64, r-oldrel-macos-x86_64, r-oldrel-windows-ix86+x86_64