Last updated on 2022-04-24 03:52:27 CEST.
| Flavor | Version | Tinstall | Tcheck | Ttotal | Status | Flags | 
|---|---|---|---|---|---|---|
| r-devel-linux-x86_64-debian-clang | 3.9.2 | 4.96 | 155.18 | 160.14 | WARN | |
| r-devel-linux-x86_64-debian-gcc | 3.9.2 | 3.32 | 109.21 | 112.53 | WARN | |
| r-devel-linux-x86_64-fedora-clang | 3.9.2 | 220.36 | WARN | |||
| r-devel-linux-x86_64-fedora-gcc | 3.9.2 | 182.18 | WARN | |||
| r-patched-linux-x86_64 | 3.9.2 | 5.46 | 148.75 | 154.21 | NOTE | |
| r-release-linux-x86_64 | 3.9.2 | 4.48 | 53.03 | 57.51 | NOTE | |
| r-release-macos-arm64 | 3.9.2 | NOTE | ||||
| r-release-macos-x86_64 | 3.9.2 | NOTE | ||||
| r-release-windows-x86_64 | 3.9.2 | 47.00 | 241.00 | 288.00 | NOTE | |
| r-oldrel-macos-arm64 | 3.9.2 | NOTE | ||||
| r-oldrel-macos-x86_64 | 3.9.2 | NOTE | ||||
| r-oldrel-windows-ix86+x86_64 | 3.9.2 | 16.00 | 88.00 | 104.00 | NOTE | 
Version: 3.9.2
Check: R code for possible problems
Result: NOTE
    Found the following possibly unsafe calls:
    File 'gtools/R/unByteCode.R':
      unlockBinding(name, env = env)
Flavors: r-devel-linux-x86_64-debian-clang, r-devel-linux-x86_64-debian-gcc, r-devel-linux-x86_64-fedora-clang, r-devel-linux-x86_64-fedora-gcc, r-patched-linux-x86_64, r-release-linux-x86_64, r-release-macos-arm64, r-release-macos-x86_64, r-release-windows-x86_64, r-oldrel-macos-arm64, r-oldrel-macos-x86_64, r-oldrel-windows-ix86+x86_64
Version: 3.9.2
Check: Rd files
Result: WARN
    checkRd: (7) checkRVersion.Rd:46: invalid email address: gregory.warnes@rochester.edu>
Flavors: r-devel-linux-x86_64-debian-clang, r-devel-linux-x86_64-debian-gcc, r-devel-linux-x86_64-fedora-clang, r-devel-linux-x86_64-fedora-gcc