Last updated on 2022-04-24 03:52:27 CEST.
Flavor | Version | Tinstall | Tcheck | Ttotal | Status | Flags |
---|---|---|---|---|---|---|
r-devel-linux-x86_64-debian-clang | 1.5.0 | 8.75 | 70.01 | 78.76 | OK | |
r-devel-linux-x86_64-debian-gcc | 1.5.0 | 6.67 | 52.72 | 59.39 | OK | |
r-devel-linux-x86_64-fedora-clang | 1.5.0 | 94.20 | NOTE | |||
r-devel-linux-x86_64-fedora-gcc | 1.5.0 | 79.72 | NOTE | |||
r-patched-linux-x86_64 | 1.5.0 | 8.12 | 65.81 | 73.93 | OK | |
r-release-linux-x86_64 | 1.5.0 | 8.64 | 63.51 | 72.15 | OK | |
r-release-macos-arm64 | 1.5.0 | NOTE | ||||
r-release-macos-x86_64 | 1.5.0 | NOTE | ||||
r-release-windows-x86_64 | 1.5.0 | 25.00 | 86.00 | 111.00 | OK | |
r-oldrel-macos-arm64 | 1.5.0 | NOTE | ||||
r-oldrel-macos-x86_64 | 1.5.0 | NOTE | ||||
r-oldrel-windows-ix86+x86_64 | 1.5.0 | 19.00 | 75.00 | 94.00 | OK |
Version: 1.5.0
Check: data for non-ASCII characters
Result: NOTE
Note: found 269 marked UTF-8 strings
Flavors: r-devel-linux-x86_64-fedora-clang, r-devel-linux-x86_64-fedora-gcc, r-release-macos-arm64, r-release-macos-x86_64, r-oldrel-macos-arm64, r-oldrel-macos-x86_64