Last updated on 2022-04-24 03:52:27 CEST.
Flavor | Version | Tinstall | Tcheck | Ttotal | Status | Flags |
---|---|---|---|---|---|---|
r-devel-linux-x86_64-debian-clang | 0.3.0 | 24.01 | 46.72 | 70.73 | OK | |
r-devel-linux-x86_64-debian-gcc | 0.3.0 | 19.64 | 36.33 | 55.97 | OK | |
r-devel-linux-x86_64-fedora-clang | 0.3.0 | 88.72 | NOTE | |||
r-devel-linux-x86_64-fedora-gcc | 0.3.0 | 76.45 | NOTE | |||
r-patched-linux-x86_64 | 0.3.0 | 24.72 | 44.68 | 69.40 | OK | |
r-release-linux-x86_64 | 0.3.0 | 25.37 | 44.56 | 69.93 | OK | |
r-release-macos-arm64 | 0.3.0 | NOTE | ||||
r-release-macos-x86_64 | 0.3.0 | NOTE | ||||
r-release-windows-x86_64 | 0.3.0 | 33.00 | 61.00 | 94.00 | OK | |
r-oldrel-macos-arm64 | 0.3.0 | NOTE | ||||
r-oldrel-macos-x86_64 | 0.3.0 | NOTE | ||||
r-oldrel-windows-ix86+x86_64 | 0.3.0 | 36.00 | 52.00 | 88.00 | OK |
Version: 0.3.0
Check: data for non-ASCII characters
Result: NOTE
Note: found 42384 marked UTF-8 strings
Flavors: r-devel-linux-x86_64-fedora-clang, r-devel-linux-x86_64-fedora-gcc, r-release-macos-arm64, r-release-macos-x86_64, r-oldrel-macos-arm64, r-oldrel-macos-x86_64