Last updated on 2022-04-24 03:52:27 CEST.
Flavor | Version | Tinstall | Tcheck | Ttotal | Status | Flags |
---|---|---|---|---|---|---|
r-devel-linux-x86_64-debian-clang | 0.2.1 | 8.77 | 108.46 | 117.23 | OK | |
r-devel-linux-x86_64-debian-gcc | 0.2.1 | 7.24 | 79.29 | 86.53 | OK | |
r-devel-linux-x86_64-fedora-clang | 0.2.1 | 136.12 | NOTE | |||
r-devel-linux-x86_64-fedora-gcc | 0.2.1 | 123.53 | NOTE | |||
r-patched-linux-x86_64 | 0.2.1 | 8.90 | 100.37 | 109.27 | OK | |
r-release-linux-x86_64 | 0.2.1 | 7.17 | 97.35 | 104.52 | OK | |
r-release-macos-arm64 | 0.2.1 | NOTE | ||||
r-release-macos-x86_64 | 0.2.1 | NOTE | ||||
r-release-windows-x86_64 | 0.2.1 | 31.00 | 126.00 | 157.00 | OK | |
r-oldrel-macos-arm64 | 0.2.1 | NOTE | ||||
r-oldrel-macos-x86_64 | 0.2.1 | NOTE | ||||
r-oldrel-windows-ix86+x86_64 | 0.2.1 | 19.00 | 118.00 | 137.00 | OK |
Version: 0.2.1
Check: data for non-ASCII characters
Result: NOTE
Note: found 13617 marked UTF-8 strings
Flavors: r-devel-linux-x86_64-fedora-clang, r-devel-linux-x86_64-fedora-gcc, r-release-macos-arm64, r-release-macos-x86_64, r-oldrel-macos-arm64, r-oldrel-macos-x86_64