Last updated on 2022-04-24 03:52:27 CEST.
Flavor | Version | Tinstall | Tcheck | Ttotal | Status | Flags |
---|---|---|---|---|---|---|
r-devel-linux-x86_64-debian-clang | 0.1.0 | 18.77 | 143.27 | 162.04 | NOTE | |
r-devel-linux-x86_64-debian-gcc | 0.1.0 | 15.05 | 104.93 | 119.98 | NOTE | |
r-devel-linux-x86_64-fedora-clang | 0.1.0 | 194.46 | NOTE | |||
r-devel-linux-x86_64-fedora-gcc | 0.1.0 | 176.69 | NOTE | |||
r-patched-linux-x86_64 | 0.1.0 | 15.03 | 134.98 | 150.01 | NOTE | |
r-release-linux-x86_64 | 0.1.0 | 15.09 | 121.93 | 137.02 | NOTE | |
r-release-macos-arm64 | 0.1.0 | NOTE | ||||
r-release-macos-x86_64 | 0.1.0 | NOTE | ||||
r-release-windows-x86_64 | 0.1.0 | 20.00 | 147.00 | 167.00 | NOTE | |
r-oldrel-macos-arm64 | 0.1.0 | NOTE | ||||
r-oldrel-macos-x86_64 | 0.1.0 | NOTE | ||||
r-oldrel-windows-ix86+x86_64 | 0.1.0 | 38.00 | 139.00 | 177.00 | NOTE |
Version: 0.1.0
Check: LazyData
Result: NOTE
'LazyData' is specified without a 'data' directory
Flavors: r-devel-linux-x86_64-debian-clang, r-devel-linux-x86_64-debian-gcc, r-devel-linux-x86_64-fedora-clang, r-devel-linux-x86_64-fedora-gcc, r-patched-linux-x86_64, r-release-linux-x86_64, r-release-macos-arm64, r-release-macos-x86_64, r-release-windows-x86_64, r-oldrel-macos-arm64, r-oldrel-macos-x86_64, r-oldrel-windows-ix86+x86_64