Last updated on 2022-04-24 03:52:27 CEST.
Flavor | Version | Tinstall | Tcheck | Ttotal | Status | Flags |
---|---|---|---|---|---|---|
r-devel-linux-x86_64-debian-clang | 0.1.3 | 34.60 | 125.09 | 159.69 | OK | |
r-devel-linux-x86_64-debian-gcc | 0.1.3 | 26.80 | 90.57 | 117.37 | OK | |
r-devel-linux-x86_64-fedora-clang | 0.1.3 | 191.11 | NOTE | |||
r-devel-linux-x86_64-fedora-gcc | 0.1.3 | 169.14 | NOTE | |||
r-patched-linux-x86_64 | 0.1.3 | 22.39 | 114.88 | 137.27 | OK | |
r-release-linux-x86_64 | 0.1.3 | 20.84 | 110.44 | 131.28 | OK | |
r-release-macos-arm64 | 0.1.3 | NOTE | ||||
r-release-macos-x86_64 | 0.1.3 | NOTE | ||||
r-release-windows-x86_64 | 0.1.3 | 37.00 | 148.00 | 185.00 | OK | |
r-oldrel-macos-arm64 | 0.1.3 | NOTE | ||||
r-oldrel-macos-x86_64 | 0.1.3 | NOTE | ||||
r-oldrel-windows-ix86+x86_64 | 0.1.3 | 75.00 | 182.00 | 257.00 | OK |
Version: 0.1.3
Check: dependencies in R code
Result: NOTE
Namespaces in Imports field not imported from:
‘DT’ ‘attempt’ ‘corpcor’ ‘glue’ ‘htmltools’ ‘pkgload’ ‘processx’
‘tools’
All declared Imports should be used.
Flavors: r-devel-linux-x86_64-fedora-clang, r-devel-linux-x86_64-fedora-gcc, r-release-macos-arm64, r-release-macos-x86_64, r-oldrel-macos-arm64, r-oldrel-macos-x86_64