Last updated on 2022-04-24 03:52:27 CEST.
Flavor | Version | Tinstall | Tcheck | Ttotal | Status | Flags |
---|---|---|---|---|---|---|
r-devel-linux-x86_64-debian-clang | 3.36.0.4 | 32.10 | 177.93 | 210.03 | OK | |
r-devel-linux-x86_64-debian-gcc | 3.36.0.4 | 26.30 | 130.87 | 157.17 | OK | |
r-devel-linux-x86_64-fedora-clang | 3.36.0.4 | 256.12 | NOTE | |||
r-devel-linux-x86_64-fedora-gcc | 3.36.0.4 | 240.38 | OK | |||
r-patched-linux-x86_64 | 3.36.0.4 | 40.03 | 170.27 | 210.30 | OK | |
r-release-linux-x86_64 | 3.36.0.4 | 32.73 | 166.30 | 199.03 | OK | |
r-release-macos-arm64 | 3.36.0.4 | NOTE | ||||
r-release-macos-x86_64 | 3.36.0.4 | NOTE | ||||
r-release-windows-x86_64 | 3.36.0.4 | 168.00 | 7.00 | 175.00 | ERROR | |
r-oldrel-macos-arm64 | 3.36.0.4 | NOTE | ||||
r-oldrel-macos-x86_64 | 3.36.0.4 | NOTE | ||||
r-oldrel-windows-ix86+x86_64 | 3.36.0.4 | 78.00 | 200.00 | 278.00 | NOTE |
Version: 3.36.0.4
Check: installed package size
Result: NOTE
installed size is 181.1Mb
sub-directories of 1Mb or more:
R 1.4Mb
java 178.3Mb
Flavors: r-devel-linux-x86_64-fedora-clang, r-release-macos-arm64, r-release-macos-x86_64, r-oldrel-macos-arm64, r-oldrel-macos-x86_64, r-oldrel-windows-ix86+x86_64
Version: 3.36.0.4
Check: whether package can be installed
Result: ERROR
Installation failed.
Flavor: r-release-windows-x86_64