Last updated on 2022-04-24 03:52:27 CEST.
Flavor | Version | Tinstall | Tcheck | Ttotal | Status | Flags |
---|---|---|---|---|---|---|
r-devel-linux-x86_64-debian-clang | 3.1.2 | 48.24 | 213.51 | 261.75 | OK | |
r-devel-linux-x86_64-debian-gcc | 3.1.2 | 37.10 | 154.23 | 191.33 | OK | |
r-devel-linux-x86_64-fedora-clang | 3.1.2 | 338.46 | OK | |||
r-devel-linux-x86_64-fedora-gcc | 3.1.2 | 297.79 | OK | |||
r-patched-linux-x86_64 | 3.1.2 | 52.02 | 204.81 | 256.83 | OK | |
r-release-linux-x86_64 | 3.1.2 | 42.83 | 197.15 | 239.98 | OK | |
r-release-macos-arm64 | 3.1.2 | NOTE | ||||
r-release-macos-x86_64 | 3.1.2 | NOTE | ||||
r-release-windows-x86_64 | 3.1.2 | 136.00 | 317.00 | 453.00 | OK | |
r-oldrel-macos-arm64 | 3.1.2 | NOTE | ||||
r-oldrel-macos-x86_64 | 3.1.2 | NOTE | ||||
r-oldrel-windows-ix86+x86_64 | 3.1.2 | 90.00 | 301.00 | 391.00 | NOTE |
Version: 3.1.2
Check: installed package size
Result: NOTE
installed size is 5.4Mb
sub-directories of 1Mb or more:
data 1.3Mb
libs 1.8Mb
Flavors: r-release-macos-arm64, r-release-macos-x86_64, r-oldrel-macos-arm64, r-oldrel-macos-x86_64, r-oldrel-windows-ix86+x86_64