Last updated on 2022-04-24 03:52:27 CEST.
Flavor | Version | Tinstall | Tcheck | Ttotal | Status | Flags |
---|---|---|---|---|---|---|
r-devel-linux-x86_64-debian-clang | 0.4.3 | 66.64 | 709.60 | 776.24 | OK | |
r-devel-linux-x86_64-debian-gcc | 0.4.3 | 57.45 | 510.97 | 568.42 | OK | |
r-devel-linux-x86_64-fedora-clang | 0.4.3 | 824.15 | OK | |||
r-devel-linux-x86_64-fedora-gcc | 0.4.3 | 906.44 | OK | |||
r-patched-linux-x86_64 | 0.4.3 | 67.98 | 663.13 | 731.11 | OK | |
r-release-linux-x86_64 | 0.4.3 | 62.38 | 627.76 | 690.14 | OK | |
r-release-macos-arm64 | 0.4.3 | NOTE | ||||
r-release-macos-x86_64 | 0.4.3 | OK | ||||
r-release-windows-x86_64 | 0.4.3 | 84.00 | 1110.00 | 1194.00 | OK | |
r-oldrel-macos-arm64 | 0.4.3 | NOTE | ||||
r-oldrel-macos-x86_64 | 0.4.3 | OK | ||||
r-oldrel-windows-ix86+x86_64 | 0.4.3 | 173.00 | 1358.00 | 1531.00 | OK |
Version: 0.4.3
Check: installed package size
Result: NOTE
installed size is 5.5Mb
sub-directories of 1Mb or more:
libs 5.0Mb
Flavors: r-release-macos-arm64, r-oldrel-macos-arm64