Last updated on 2022-04-24 03:52:27 CEST.
Flavor | Version | Tinstall | Tcheck | Ttotal | Status | Flags |
---|---|---|---|---|---|---|
r-devel-linux-x86_64-debian-clang | 0.8.0 | 12.44 | 134.56 | 147.00 | OK | |
r-devel-linux-x86_64-debian-gcc | 0.8.0 | 9.42 | 97.41 | 106.83 | OK | |
r-devel-linux-x86_64-fedora-clang | 0.8.0 | 172.88 | NOTE | |||
r-devel-linux-x86_64-fedora-gcc | 0.8.0 | 158.96 | OK | |||
r-patched-linux-x86_64 | 0.8.0 | 11.80 | 123.57 | 135.37 | OK | |
r-release-linux-x86_64 | 0.8.0 | 9.71 | 116.46 | 126.17 | OK | |
r-release-macos-arm64 | 0.8.0 | OK | ||||
r-release-macos-x86_64 | 0.8.0 | OK | ||||
r-release-windows-x86_64 | 0.8.0 | 43.00 | 150.00 | 193.00 | OK | |
r-oldrel-macos-arm64 | 0.8.0 | OK | ||||
r-oldrel-macos-x86_64 | 0.8.0 | OK | ||||
r-oldrel-windows-ix86+x86_64 | 0.8.0 | 22.00 | 140.00 | 162.00 | OK |
Version: 0.8.0
Check: Rd cross-references
Result: NOTE
Undeclared package ‘mnis’ in Rd xrefs
Flavor: r-devel-linux-x86_64-fedora-clang