Last updated on 2022-04-24 03:52:27 CEST.
Flavor | Version | Tinstall | Tcheck | Ttotal | Status | Flags |
---|---|---|---|---|---|---|
r-devel-linux-x86_64-debian-clang | 1.2-8 | 5.16 | 50.36 | 55.52 | NOTE | |
r-devel-linux-x86_64-debian-gcc | 1.2-8 | 3.58 | 38.46 | 42.04 | NOTE | |
r-devel-linux-x86_64-fedora-clang | 1.2-8 | 68.44 | NOTE | |||
r-devel-linux-x86_64-fedora-gcc | 1.2-8 | 57.43 | NOTE | |||
r-patched-linux-x86_64 | 1.2-8 | 5.16 | 48.97 | 54.13 | NOTE | |
r-release-linux-x86_64 | 1.2-8 | 4.61 | 48.49 | 53.10 | NOTE | |
r-release-macos-arm64 | 1.2-8 | NOTE | ||||
r-release-macos-x86_64 | 1.2-8 | NOTE | ||||
r-release-windows-x86_64 | 1.2-8 | 35.00 | 82.00 | 117.00 | NOTE | |
r-oldrel-macos-arm64 | 1.2-8 | NOTE | ||||
r-oldrel-macos-x86_64 | 1.2-8 | NOTE | ||||
r-oldrel-windows-ix86+x86_64 | 1.2-8 | 11.00 | 58.00 | 69.00 | NOTE |
Version: 1.2-8
Check: R code for possible problems
Result: NOTE
EMvar: no visible global function definition for 'model.matrix'
RecodeHaplos: no visible global function definition for 'na.omit'
RecodeHaplos: no visible global function definition for 'tail'
anova.hapassoc: no visible global function definition for 'pchisq'
handleMissings: no visible global function definition for 'na.omit'
hapassoc: no visible global function definition for 'binomial'
hapassoc: no visible global function definition for 'formula'
hapassoc: no visible global function definition for 'glm'
hapassoc : <anonymous>: no visible global function definition for 'glm'
hapassoc: no visible global function definition for 'model.frame'
hapassoc: no visible global function definition for 'model.matrix'
hapassoc: no visible binding for global variable 'contrasts'
hapassoc: no visible global function definition for 'glm.control'
hapassoc : <anonymous>: no visible global function definition for
'glm.control'
probY: no visible global function definition for 'dbinom'
probY: no visible global function definition for 'dpois'
probY: no visible global function definition for 'dnorm'
probY: no visible global function definition for 'dgamma'
summary.hapassoc: no visible global function definition for 'pchisq'
Undefined global functions or variables:
binomial contrasts dbinom dgamma dnorm dpois formula glm glm.control
model.frame model.matrix na.omit pchisq tail
Consider adding
importFrom("stats", "binomial", "contrasts", "dbinom", "dgamma",
"dnorm", "dpois", "formula", "glm", "glm.control",
"model.frame", "model.matrix", "na.omit", "pchisq")
importFrom("utils", "tail")
to your NAMESPACE file.
Flavors: r-devel-linux-x86_64-debian-clang, r-devel-linux-x86_64-debian-gcc, r-devel-linux-x86_64-fedora-clang, r-devel-linux-x86_64-fedora-gcc, r-patched-linux-x86_64, r-release-linux-x86_64, r-release-macos-arm64, r-release-macos-x86_64, r-release-windows-x86_64, r-oldrel-macos-arm64, r-oldrel-macos-x86_64, r-oldrel-windows-ix86+x86_64
Version: 1.2-8
Check: compiled code
Result: NOTE
File ‘hapassoc/libs/hapassoc.so’:
Found no calls to: ‘R_registerRoutines’, ‘R_useDynamicSymbols’
It is good practice to register native routines and to disable symbol
search.
See ‘Writing portable packages’ in the ‘Writing R Extensions’ manual.
Flavors: r-devel-linux-x86_64-fedora-clang, r-devel-linux-x86_64-fedora-gcc