Last updated on 2022-04-24 03:52:27 CEST.
Flavor | Version | Tinstall | Tcheck | Ttotal | Status | Flags |
---|---|---|---|---|---|---|
r-devel-linux-x86_64-debian-clang | 1.8.7 | 24.59 | 269.95 | 294.54 | NOTE | |
r-devel-linux-x86_64-debian-gcc | 1.8.7 | 18.09 | 214.87 | 232.96 | NOTE | |
r-devel-linux-x86_64-fedora-clang | 1.8.7 | 367.70 | NOTE | |||
r-devel-linux-x86_64-fedora-gcc | 1.8.7 | 359.23 | NOTE | |||
r-patched-linux-x86_64 | 1.8.7 | 23.84 | 261.66 | 285.50 | OK | |
r-release-linux-x86_64 | 1.8.7 | 17.42 | 248.30 | 265.72 | OK | |
r-release-macos-arm64 | 1.8.7 | OK | ||||
r-release-macos-x86_64 | 1.8.7 | OK | ||||
r-release-windows-x86_64 | 1.8.7 | 81.00 | 334.00 | 415.00 | OK | |
r-oldrel-macos-arm64 | 1.8.7 | OK | ||||
r-oldrel-macos-x86_64 | 1.8.7 | OK | ||||
r-oldrel-windows-ix86+x86_64 | 1.8.7 | 47.00 | 442.00 | 489.00 | OK |
Version: 1.8.7
Check: Rd files
Result: NOTE
checkRd: (7) file 'haplo.group.Rd': \item in \value must have non-empty label
Flavors: r-devel-linux-x86_64-debian-clang, r-devel-linux-x86_64-debian-gcc, r-devel-linux-x86_64-fedora-clang, r-devel-linux-x86_64-fedora-gcc