Last updated on 2022-04-24 03:52:27 CEST.
Flavor | Version | Tinstall | Tcheck | Ttotal | Status | Flags |
---|---|---|---|---|---|---|
r-devel-linux-x86_64-debian-clang | 0.1.3 | 7.75 | 103.96 | 111.71 | OK | |
r-devel-linux-x86_64-debian-gcc | 0.1.3 | 6.73 | 76.93 | 83.66 | OK | |
r-devel-linux-x86_64-fedora-clang | 0.1.3 | 134.47 | OK | |||
r-devel-linux-x86_64-fedora-gcc | 0.1.3 | 111.84 | OK | |||
r-patched-linux-x86_64 | 0.1.3 | 8.04 | 96.72 | 104.76 | OK | |
r-release-linux-x86_64 | 0.1.3 | 6.68 | 95.04 | 101.72 | OK | |
r-release-macos-arm64 | 0.1.3 | OK | ||||
r-release-macos-x86_64 | 0.1.3 | OK | ||||
r-release-windows-x86_64 | 0.1.3 | 26.00 | 135.00 | 161.00 | OK | |
r-oldrel-macos-arm64 | 0.1.3 | OK | ||||
r-oldrel-macos-x86_64 | 0.1.3 | OK | ||||
r-oldrel-windows-ix86+x86_64 | 0.1.3 | 20.00 | 115.00 | 135.00 | WARN |
Version: 0.1.3
Check: re-building of vignette outputs
Result: WARN
Error(s) in re-building vignettes:
--- re-building 'Getting_started.Rmd' using rmarkdown
IGN web service API is available.
Linking to GEOS 3.9.1, GDAL 3.2.1, PROJ 7.2.1; sf_use_s2() is TRUE
Quitting from lines 78-94 (Getting_started.Rmd)
Error: processing vignette 'Getting_started.Rmd' failed with diagnostics:
Cannot open "https://wxs.ign.fr/administratif/geoportail/wfs?service=WFS&version=2.0.0&request=GetFeature&outputFormat=json&srsName=EPSG%3A4326&typeName=LIMITES_ADMINISTRATIVES_EXPRESS.LATEST%3Acommune&bbox=-4.37%2C47.8%2C-4.37%2C47.8%2Cepsg%3A4326&startindex=0"; The file doesn't seem to exist.
--- failed re-building 'Getting_started.Rmd'
--- re-building 'SCAN_25_SCAN_100_SCAN_OACI.Rmd' using rmarkdown
--- finished re-building 'SCAN_25_SCAN_100_SCAN_OACI.Rmd'
SUMMARY: processing the following file failed:
'Getting_started.Rmd'
Error: Vignette re-building failed.
Execution halted
Flavor: r-oldrel-windows-ix86+x86_64