Last updated on 2022-04-24 03:52:27 CEST.
Flavor | Version | Tinstall | Tcheck | Ttotal | Status | Flags |
---|---|---|---|---|---|---|
r-devel-linux-x86_64-debian-clang | 0.1.0 | 53.13 | 108.79 | 161.92 | OK | |
r-devel-linux-x86_64-debian-gcc | 0.1.0 | 42.61 | 79.41 | 122.02 | OK | |
r-devel-linux-x86_64-fedora-clang | 0.1.0 | 218.71 | NOTE | |||
r-devel-linux-x86_64-fedora-gcc | 0.1.0 | 201.82 | OK | |||
r-patched-linux-x86_64 | 0.1.0 | 42.80 | 104.66 | 147.46 | OK | |
r-release-linux-x86_64 | 0.1.0 | 42.71 | 94.95 | 137.66 | OK | |
r-release-macos-arm64 | 0.1.0 | NOTE | ||||
r-release-macos-x86_64 | 0.1.0 | NOTE | ||||
r-release-windows-x86_64 | 0.1.0 | 48.00 | 150.00 | 198.00 | OK | |
r-oldrel-macos-arm64 | 0.1.0 | NOTE | ||||
r-oldrel-macos-x86_64 | 0.1.0 | NOTE | ||||
r-oldrel-windows-ix86+x86_64 | 0.1.0 | 115.00 | 170.00 | 285.00 | OK |
Version: 0.1.0
Check: installed package size
Result: NOTE
installed size is 5.3Mb
sub-directories of 1Mb or more:
doc 1.4Mb
libs 3.3Mb
Flavors: r-devel-linux-x86_64-fedora-clang, r-release-macos-arm64, r-release-macos-x86_64, r-oldrel-macos-arm64, r-oldrel-macos-x86_64