Last updated on 2022-04-24 03:52:27 CEST.
Flavor | Version | Tinstall | Tcheck | Ttotal | Status | Flags |
---|---|---|---|---|---|---|
r-devel-linux-x86_64-debian-clang | 0.0-4 | 32.36 | 35.86 | 68.22 | OK | |
r-devel-linux-x86_64-debian-gcc | 0.0-4 | 29.26 | 27.68 | 56.94 | OK | |
r-devel-linux-x86_64-fedora-clang | 0.0-4 | 99.55 | NOTE | |||
r-devel-linux-x86_64-fedora-gcc | 0.0-4 | 81.12 | NOTE | |||
r-patched-linux-x86_64 | 0.0-4 | 29.46 | 35.00 | 64.46 | OK | |
r-release-linux-x86_64 | 0.0-4 | 32.81 | 33.78 | 66.59 | OK | |
r-release-macos-arm64 | 0.0-4 | OK | ||||
r-release-macos-x86_64 | 0.0-4 | OK | ||||
r-release-windows-x86_64 | 0.0-4 | 36.00 | 74.00 | 110.00 | OK | |
r-oldrel-macos-arm64 | 0.0-4 | OK | ||||
r-oldrel-macos-x86_64 | 0.0-4 | OK | ||||
r-oldrel-windows-ix86+x86_64 | 0.0-4 | 88.00 | 67.00 | 155.00 | OK |
Version: 0.0-4
Check: compiled code
Result: NOTE
File ‘hawkes/libs/hawkes.so’:
Found no calls to: ‘R_registerRoutines’, ‘R_useDynamicSymbols’
It is good practice to register native routines and to disable symbol
search.
See ‘Writing portable packages’ in the ‘Writing R Extensions’ manual.
Flavors: r-devel-linux-x86_64-fedora-clang, r-devel-linux-x86_64-fedora-gcc