Last updated on 2022-04-24 03:52:27 CEST.
Flavor | Version | Tinstall | Tcheck | Ttotal | Status | Flags |
---|---|---|---|---|---|---|
r-devel-linux-x86_64-debian-clang | 1.0.2 | 156.93 | 113.33 | 270.26 | OK | |
r-devel-linux-x86_64-debian-gcc | 1.0.2 | 119.17 | 84.07 | 203.24 | OK | |
r-devel-linux-x86_64-fedora-clang | 1.0.2 | 377.86 | NOTE | |||
r-devel-linux-x86_64-fedora-gcc | 1.0.2 | 331.54 | OK | |||
r-patched-linux-x86_64 | 1.0.2 | 102.29 | 109.95 | 212.24 | OK | |
r-release-linux-x86_64 | 1.0.2 | 97.26 | 100.94 | 198.20 | OK | |
r-release-macos-arm64 | 1.0.2 | NOTE | ||||
r-release-macos-x86_64 | 1.0.2 | NOTE | ||||
r-release-windows-x86_64 | 1.0.2 | 130.00 | 167.00 | 297.00 | OK | |
r-oldrel-macos-arm64 | 1.0.2 | NOTE | ||||
r-oldrel-macos-x86_64 | 1.0.2 | NOTE | ||||
r-oldrel-windows-ix86+x86_64 | 1.0.2 | 350.00 | 244.00 | 594.00 | OK |
Version: 1.0.2
Check: installed package size
Result: NOTE
installed size is 9.1Mb
sub-directories of 1Mb or more:
libs 8.5Mb
Flavors: r-devel-linux-x86_64-fedora-clang, r-release-macos-arm64, r-release-macos-x86_64, r-oldrel-macos-arm64, r-oldrel-macos-x86_64