Last updated on 2022-04-24 03:52:27 CEST.
Flavor | Version | Tinstall | Tcheck | Ttotal | Status | Flags |
---|---|---|---|---|---|---|
r-devel-linux-x86_64-debian-clang | 0.1 | 3.10 | 49.02 | 52.12 | NOTE | |
r-devel-linux-x86_64-debian-gcc | 0.1 | 2.47 | 37.26 | 39.73 | NOTE | |
r-devel-linux-x86_64-fedora-clang | 0.1 | 62.40 | NOTE | |||
r-devel-linux-x86_64-fedora-gcc | 0.1 | 50.88 | NOTE | |||
r-patched-linux-x86_64 | 0.1 | 3.03 | 46.29 | 49.32 | NOTE | |
r-release-linux-x86_64 | 0.1 | 2.03 | 37.19 | 39.22 | NOTE | |
r-release-macos-arm64 | 0.1 | NOTE | ||||
r-release-macos-x86_64 | 0.1 | NOTE | ||||
r-release-windows-x86_64 | 0.1 | 15.00 | 68.00 | 83.00 | NOTE | |
r-oldrel-macos-arm64 | 0.1 | NOTE | ||||
r-oldrel-macos-x86_64 | 0.1 | NOTE | ||||
r-oldrel-windows-ix86+x86_64 | 0.1 | 7.00 | 50.00 | 57.00 | NOTE |
Version: 0.1
Check: R code for possible problems
Result: NOTE
extract_hazus_functions: no visible global function definition for
'data'
Undefined global functions or variables:
data
Consider adding
importFrom("utils", "data")
to your NAMESPACE file.
Flavors: r-devel-linux-x86_64-debian-clang, r-devel-linux-x86_64-debian-gcc, r-devel-linux-x86_64-fedora-clang, r-devel-linux-x86_64-fedora-gcc, r-patched-linux-x86_64, r-release-linux-x86_64, r-release-macos-arm64, r-release-macos-x86_64, r-release-windows-x86_64, r-oldrel-macos-arm64, r-oldrel-macos-x86_64, r-oldrel-windows-ix86+x86_64