Last updated on 2022-04-24 03:52:27 CEST.
Flavor | Version | Tinstall | Tcheck | Ttotal | Status | Flags |
---|---|---|---|---|---|---|
r-devel-linux-x86_64-debian-clang | 1.0.3 | 3.17 | 48.16 | 51.33 | NOTE | |
r-devel-linux-x86_64-debian-gcc | 1.0.3 | 2.24 | 36.21 | 38.45 | NOTE | |
r-devel-linux-x86_64-fedora-clang | 1.0.3 | 63.30 | NOTE | |||
r-devel-linux-x86_64-fedora-gcc | 1.0.3 | 51.06 | NOTE | |||
r-patched-linux-x86_64 | 1.0.3 | 3.71 | 45.49 | 49.20 | NOTE | |
r-release-linux-x86_64 | 1.0.3 | 2.51 | 44.25 | 46.76 | NOTE | |
r-release-macos-arm64 | 1.0.3 | NOTE | ||||
r-release-macos-x86_64 | 1.0.3 | NOTE | ||||
r-release-windows-x86_64 | 1.0.3 | 20.00 | 72.00 | 92.00 | NOTE | |
r-oldrel-macos-arm64 | 1.0.3 | NOTE | ||||
r-oldrel-macos-x86_64 | 1.0.3 | NOTE | ||||
r-oldrel-windows-ix86+x86_64 | 1.0.3 | 5.00 | 57.00 | 62.00 | NOTE |
Version: 1.0.3
Check: R code for possible problems
Result: NOTE
calc.foldrange: no visible global function definition for 'qt'
calc.foldrange: no visible global function definition for 'qnorm'
equiv.ab: no visible global function definition for 'approx'
equiv.increase: no visible global function definition for 'approx'
hbpp.integrate1: no visible global function definition for 'pnorm'
hbpp.integrate2 : hb.y: no visible global function definition for
'integrate'
hbpp.integrate2: no visible global function definition for 'integrate'
hbpp.integrate3 : hb.z : hb.yZ: no visible global function definition
for 'integrate'
hbpp.integrate3 : hb.z: no visible global function definition for
'integrate'
hbpp.integrate3: no visible global function definition for 'integrate'
hbpp.simulate: no visible global function definition for 'rnorm'
hbrr.integrate1 : hb.x: no visible global function definition for
'dnorm'
hbrr.integrate1: no visible global function definition for 'integrate'
hbrr.integrate2 : hb.y: no visible global function definition for
'integrate'
hbrr.integrate2: no visible global function definition for 'integrate'
hbrr.integrate2.rhoeq1 : hb.x: no visible global function definition
for 'dnorm'
hbrr.integrate2.rhoeq1: no visible global function definition for
'integrate'
hbrr.integrate3 : hb.z : hb.yZ: no visible global function definition
for 'integrate'
hbrr.integrate3 : hb.z: no visible global function definition for
'integrate'
hbrr.integrate3: no visible global function definition for 'integrate'
hbrr.integrate3.rhoeq1 : hb.x: no visible global function definition
for 'dnorm'
hbrr.integrate3.rhoeq1: no visible global function definition for
'integrate'
hbrr.simulate: no visible global function definition for 'rnorm'
plotlogm.resp: no visible global function definition for 'axis'
plotlogm.resp: no visible global function definition for 'box'
plotlogm.resp: no visible global function definition for 'lines'
plotresp.equiv : doline: no visible global function definition for
'lines'
plotresp.mix : doline: no visible global function definition for
'lines'
plotresp.mix: no visible global function definition for 'lines'
Undefined global functions or variables:
approx axis box dnorm integrate lines pnorm qnorm qt rnorm
Consider adding
importFrom("graphics", "axis", "box", "lines")
importFrom("stats", "approx", "dnorm", "integrate", "pnorm", "qnorm",
"qt", "rnorm")
to your NAMESPACE file.
Flavors: r-devel-linux-x86_64-debian-clang, r-devel-linux-x86_64-debian-gcc, r-devel-linux-x86_64-fedora-clang, r-devel-linux-x86_64-fedora-gcc, r-patched-linux-x86_64, r-release-linux-x86_64, r-release-macos-arm64, r-release-macos-x86_64, r-release-windows-x86_64, r-oldrel-macos-arm64, r-oldrel-macos-x86_64, r-oldrel-windows-ix86+x86_64