Last updated on 2022-04-24 03:52:27 CEST.
Flavor | Version | Tinstall | Tcheck | Ttotal | Status | Flags |
---|---|---|---|---|---|---|
r-devel-linux-x86_64-debian-clang | 0.2.0 | 5.78 | 33.07 | 38.85 | OK | |
r-devel-linux-x86_64-debian-gcc | 0.2.0 | 4.98 | 25.42 | 30.40 | OK | |
r-devel-linux-x86_64-fedora-clang | 0.2.0 | 46.02 | NOTE | |||
r-devel-linux-x86_64-fedora-gcc | 0.2.0 | 35.10 | NOTE | |||
r-patched-linux-x86_64 | 0.2.0 | 5.93 | 32.03 | 37.96 | OK | |
r-release-linux-x86_64 | 0.2.0 | 4.98 | 30.85 | 35.83 | OK | |
r-release-macos-arm64 | 0.2.0 | NOTE | ||||
r-release-macos-x86_64 | 0.2.0 | NOTE | ||||
r-release-windows-x86_64 | 0.2.0 | 33.00 | 46.00 | 79.00 | OK | |
r-oldrel-macos-arm64 | 0.2.0 | NOTE | ||||
r-oldrel-macos-x86_64 | 0.2.0 | NOTE | ||||
r-oldrel-windows-ix86+x86_64 | 0.2.0 | 10.00 | 28.00 | 38.00 | OK |
Version: 0.2.0
Check: data for non-ASCII characters
Result: NOTE
Note: found 104392 marked UTF-8 strings
Flavors: r-devel-linux-x86_64-fedora-clang, r-devel-linux-x86_64-fedora-gcc, r-release-macos-arm64, r-release-macos-x86_64, r-oldrel-macos-arm64, r-oldrel-macos-x86_64