Last updated on 2022-04-24 03:52:27 CEST.
Flavor | Version | Tinstall | Tcheck | Ttotal | Status | Flags |
---|---|---|---|---|---|---|
r-devel-linux-x86_64-debian-clang | 0.54 | 2.15 | 35.24 | 37.39 | NOTE | |
r-devel-linux-x86_64-debian-gcc | 0.54 | 1.50 | 26.95 | 28.45 | NOTE | |
r-devel-linux-x86_64-fedora-clang | 0.54 | 45.26 | NOTE | |||
r-devel-linux-x86_64-fedora-gcc | 0.54 | 33.82 | NOTE | |||
r-patched-linux-x86_64 | 0.54 | 2.15 | 33.56 | 35.71 | NOTE | |
r-release-linux-x86_64 | 0.54 | 1.77 | 32.98 | 34.75 | NOTE | |
r-release-macos-arm64 | 0.54 | NOTE | ||||
r-release-macos-x86_64 | 0.54 | NOTE | ||||
r-release-windows-x86_64 | 0.54 | 15.00 | 50.00 | 65.00 | NOTE | |
r-oldrel-macos-arm64 | 0.54 | NOTE | ||||
r-oldrel-macos-x86_64 | 0.54 | NOTE | ||||
r-oldrel-windows-ix86+x86_64 | 0.54 | 5.00 | 31.00 | 36.00 | NOTE |
Version: 0.54
Check: R code for possible problems
Result: NOTE
PoincarePlot: no visible global function definition for 'lines'
PoincarePlot: no visible global function definition for 'lowess'
hctest: no visible global function definition for 'cor.test'
rdplot: no visible global function definition for 'lines'
rdplot: no visible global function definition for 'lowess'
rdplot: no visible global function definition for 'rgb'
simer: no visible global function definition for 'runif'
simer: no visible global function definition for 'rnorm'
Undefined global functions or variables:
cor.test lines lowess rgb rnorm runif
Consider adding
importFrom("grDevices", "rgb")
importFrom("graphics", "lines")
importFrom("stats", "cor.test", "lowess", "rnorm", "runif")
to your NAMESPACE file.
Flavors: r-devel-linux-x86_64-debian-clang, r-devel-linux-x86_64-debian-gcc, r-devel-linux-x86_64-fedora-clang, r-devel-linux-x86_64-fedora-gcc, r-patched-linux-x86_64, r-release-linux-x86_64, r-release-macos-arm64, r-release-macos-x86_64, r-release-windows-x86_64, r-oldrel-macos-arm64, r-oldrel-macos-x86_64, r-oldrel-windows-ix86+x86_64