Last updated on 2022-04-24 03:52:27 CEST.
Flavor | Version | Tinstall | Tcheck | Ttotal | Status | Flags |
---|---|---|---|---|---|---|
r-devel-linux-x86_64-debian-clang | 0.1.0 | 3.30 | 42.98 | 46.28 | NOTE | |
r-devel-linux-x86_64-debian-gcc | 0.1.0 | 2.60 | 32.20 | 34.80 | NOTE | |
r-devel-linux-x86_64-fedora-clang | 0.1.0 | 54.22 | NOTE | |||
r-devel-linux-x86_64-fedora-gcc | 0.1.0 | 42.78 | NOTE | |||
r-patched-linux-x86_64 | 0.1.0 | 3.20 | 40.75 | 43.95 | NOTE | |
r-release-linux-x86_64 | 0.1.0 | 1.89 | 38.18 | 40.07 | NOTE | |
r-release-macos-arm64 | 0.1.0 | NOTE | ||||
r-release-macos-x86_64 | 0.1.0 | WARN | ||||
r-release-windows-x86_64 | 0.1.0 | 30.00 | 68.00 | 98.00 | NOTE | |
r-oldrel-macos-arm64 | 0.1.0 | NOTE | ||||
r-oldrel-macos-x86_64 | 0.1.0 | WARN | ||||
r-oldrel-windows-ix86+x86_64 | 0.1.0 | 8.00 | 50.00 | 58.00 | NOTE |
Version: 0.1.0
Check: LazyData
Result: NOTE
'LazyData' is specified without a 'data' directory
Flavors: r-devel-linux-x86_64-debian-clang, r-devel-linux-x86_64-debian-gcc, r-devel-linux-x86_64-fedora-clang, r-devel-linux-x86_64-fedora-gcc, r-patched-linux-x86_64, r-release-linux-x86_64, r-release-macos-arm64, r-release-macos-x86_64, r-release-windows-x86_64, r-oldrel-macos-arm64, r-oldrel-macos-x86_64, r-oldrel-windows-ix86+x86_64
Version: 0.1.0
Check: installed package size
Result: NOTE
installed size is 5.6Mb
sub-directories of 1Mb or more:
doc 2.7Mb
htmlwidgets 2.8Mb
Flavors: r-devel-linux-x86_64-fedora-clang, r-release-macos-arm64, r-release-macos-x86_64, r-release-windows-x86_64, r-oldrel-macos-arm64, r-oldrel-macos-x86_64, r-oldrel-windows-ix86+x86_64
Version: 0.1.0
Check: re-building of vignette outputs
Result: WARN
Error(s) in re-building vignettes:
...
--- re-building ‘hchinamap.Rmd’ using rmarkdown
Warning in engine$weave(file, quiet = quiet, encoding = enc) :
Pandoc (>= 1.12.3) not available. Falling back to R Markdown v1.
trying URL 'https://czxb.github.io/br/chinadf.rda'
Content type 'application/octet-stream' length 3992 bytes
==================================================
downloaded 3992 bytes
Quitting from lines 50-58 (hchinamap.Rmd)
Error: processing vignette 'hchinamap.Rmd' failed with diagnostics:
invalid 'path' argument
--- failed re-building ‘hchinamap.Rmd’
SUMMARY: processing the following file failed:
‘hchinamap.Rmd’
Error: Vignette re-building failed.
Execution halted
Flavors: r-release-macos-x86_64, r-oldrel-macos-x86_64