Last updated on 2022-04-24 03:52:27 CEST.
Flavor | Version | Tinstall | Tcheck | Ttotal | Status | Flags |
---|---|---|---|---|---|---|
r-devel-linux-x86_64-debian-clang | 0.1 | 5.87 | 47.71 | 53.58 | NOTE | |
r-devel-linux-x86_64-debian-gcc | 0.1 | 4.82 | 35.90 | 40.72 | NOTE | |
r-devel-linux-x86_64-fedora-clang | 0.1 | 64.18 | NOTE | |||
r-devel-linux-x86_64-fedora-gcc | 0.1 | 52.99 | NOTE | |||
r-patched-linux-x86_64 | 0.1 | 5.76 | 46.89 | 52.65 | NOTE | |
r-release-linux-x86_64 | 0.1 | 5.77 | 46.17 | 51.94 | NOTE | |
r-release-macos-arm64 | 0.1 | NOTE | ||||
r-release-macos-x86_64 | 0.1 | NOTE | ||||
r-release-windows-x86_64 | 0.1 | 23.00 | 55.00 | 78.00 | NOTE | |
r-oldrel-macos-arm64 | 0.1 | NOTE | ||||
r-oldrel-macos-x86_64 | 0.1 | NOTE | ||||
r-oldrel-windows-ix86+x86_64 | 0.1 | 9.00 | 36.00 | 45.00 | NOTE |
Version: 0.1
Check: R code for possible problems
Result: NOTE
CalcCrit: no visible global function definition for 'tail'
CalcCrit: no visible global function definition for 'anova'
SimulInt: no visible global function definition for 'qf'
con.search: no visible global function definition for 'persp'
con.search: no visible global function definition for 'title'
con.search.C: no visible global function definition for 'persp'
con.search.C: no visible global function definition for 'title'
con.search.D: no visible global function definition for 'persp'
con.search.D: no visible global function definition for 'title'
con2.search: no visible global function definition for 'persp'
con2.search: no visible global function definition for 'title'
con2.search.C: no visible global function definition for 'persp'
con2.search.C: no visible global function definition for 'title'
con2.search.D: no visible global function definition for 'persp'
con2.search.D: no visible global function definition for 'title'
llsearch: no visible global function definition for 'persp'
llsearch: no visible global function definition for 'title'
llsearch.C: no visible global function definition for 'persp'
llsearch.C: no visible global function definition for 'title'
llsearch.D: no visible global function definition for 'persp'
llsearch.D: no visible global function definition for 'title'
p.est: no visible global function definition for 'lm'
p.est.C: no visible global function definition for 'lm'
p.est.D: no visible global function definition for 'lm'
p2.est: no visible global function definition for 'lm'
p2.est.C: no visible global function definition for 'lm'
p2.est.D: no visible global function definition for 'lm'
rss: no visible global function definition for 'lm'
rss.C: no visible global function definition for 'lm'
rss.D: no visible global function definition for 'lm'
Undefined global functions or variables:
anova lm persp qf tail title
Consider adding
importFrom("graphics", "persp", "title")
importFrom("stats", "anova", "lm", "qf")
importFrom("utils", "tail")
to your NAMESPACE file.
Flavors: r-devel-linux-x86_64-debian-clang, r-devel-linux-x86_64-debian-gcc, r-devel-linux-x86_64-fedora-clang, r-devel-linux-x86_64-fedora-gcc, r-patched-linux-x86_64, r-release-linux-x86_64, r-release-macos-arm64, r-release-macos-x86_64, r-release-windows-x86_64, r-oldrel-macos-arm64, r-oldrel-macos-x86_64, r-oldrel-windows-ix86+x86_64