Last updated on 2022-04-24 03:52:27 CEST.
Flavor | Version | Tinstall | Tcheck | Ttotal | Status | Flags |
---|---|---|---|---|---|---|
r-devel-linux-x86_64-debian-clang | 0.1.0 | 7.41 | 76.66 | 84.07 | NOTE | |
r-devel-linux-x86_64-debian-gcc | 0.1.0 | 6.17 | 55.31 | 61.48 | NOTE | |
r-devel-linux-x86_64-fedora-clang | 0.1.0 | 101.76 | NOTE | |||
r-devel-linux-x86_64-fedora-gcc | 0.1.0 | 87.03 | NOTE | |||
r-patched-linux-x86_64 | 0.1.0 | 7.48 | 69.85 | 77.33 | NOTE | |
r-release-linux-x86_64 | 0.1.0 | 7.70 | 69.89 | 77.59 | NOTE | |
r-release-macos-arm64 | 0.1.0 | NOTE | ||||
r-release-macos-x86_64 | 0.1.0 | NOTE | ||||
r-release-windows-x86_64 | 0.1.0 | 21.00 | 104.00 | 125.00 | NOTE | |
r-oldrel-macos-arm64 | 0.1.0 | NOTE | ||||
r-oldrel-macos-x86_64 | 0.1.0 | NOTE | ||||
r-oldrel-windows-ix86+x86_64 | 0.1.0 | 17.00 | 87.00 | 104.00 | NOTE |
Version: 0.1.0
Check: LazyData
Result: NOTE
'LazyData' is specified without a 'data' directory
Flavors: r-devel-linux-x86_64-debian-clang, r-devel-linux-x86_64-debian-gcc, r-devel-linux-x86_64-fedora-clang, r-devel-linux-x86_64-fedora-gcc, r-patched-linux-x86_64, r-release-linux-x86_64, r-release-macos-arm64, r-release-macos-x86_64, r-release-windows-x86_64, r-oldrel-macos-arm64, r-oldrel-macos-x86_64, r-oldrel-windows-ix86+x86_64