Last updated on 2022-04-24 03:52:27 CEST.
Flavor | Version | Tinstall | Tcheck | Ttotal | Status | Flags |
---|---|---|---|---|---|---|
r-devel-linux-x86_64-debian-clang | 1.3.5 | 58.95 | 141.16 | 200.11 | OK | |
r-devel-linux-x86_64-debian-gcc | 1.3.5 | 47.77 | 105.67 | 153.44 | OK | |
r-devel-linux-x86_64-fedora-clang | 1.3.5 | 249.39 | NOTE | |||
r-devel-linux-x86_64-fedora-gcc | 1.3.5 | 234.69 | OK | |||
r-patched-linux-x86_64 | 1.3.5 | 63.05 | 131.86 | 194.91 | OK | |
r-release-linux-x86_64 | 1.3.5 | 57.50 | 133.50 | 191.00 | OK | |
r-release-macos-arm64 | 1.3.5 | NOTE | ||||
r-release-macos-x86_64 | 1.3.5 | NOTE | ||||
r-release-windows-x86_64 | 1.3.5 | 282.00 | 179.00 | 461.00 | NOTE | |
r-oldrel-macos-arm64 | 1.3.5 | NOTE | ||||
r-oldrel-macos-x86_64 | 1.3.5 | NOTE | ||||
r-oldrel-windows-ix86+x86_64 | 1.3.5 | 93.00 | 224.00 | 317.00 | NOTE |
Version: 1.3.5
Check: installed package size
Result: NOTE
installed size is 6.2Mb
sub-directories of 1Mb or more:
libs 1.4Mb
Flavors: r-devel-linux-x86_64-fedora-clang, r-release-macos-arm64, r-release-macos-x86_64, r-release-windows-x86_64, r-oldrel-macos-arm64, r-oldrel-macos-x86_64, r-oldrel-windows-ix86+x86_64