Last updated on 2022-04-24 03:52:27 CEST.
Flavor | Version | Tinstall | Tcheck | Ttotal | Status | Flags |
---|---|---|---|---|---|---|
r-devel-linux-x86_64-debian-clang | 1.3.1 | 11.97 | 113.34 | 125.31 | OK | |
r-devel-linux-x86_64-debian-gcc | 1.3.1 | 9.38 | 85.62 | 95.00 | OK | |
r-devel-linux-x86_64-fedora-clang | 1.3.1 | 154.78 | NOTE | |||
r-devel-linux-x86_64-fedora-gcc | 1.3.1 | 141.36 | NOTE | |||
r-patched-linux-x86_64 | 1.3.1 | 9.72 | 107.94 | 117.66 | OK | |
r-release-linux-x86_64 | 1.3.1 | 11.54 | 107.10 | 118.64 | OK | |
r-release-macos-arm64 | 1.3.1 | OK | ||||
r-release-macos-x86_64 | 1.3.1 | OK | ||||
r-release-windows-x86_64 | 1.3.1 | 20.00 | 167.00 | 187.00 | OK | |
r-oldrel-macos-arm64 | 1.3.1 | OK | ||||
r-oldrel-macos-x86_64 | 1.3.1 | OK | ||||
r-oldrel-windows-ix86+x86_64 | 1.3.1 | 24.00 | 149.00 | 173.00 | OK |
Version: 1.3.1
Check: compiled code
Result: NOTE
File ‘hdlm/libs/hdlm.so’:
Found no calls to: ‘R_registerRoutines’, ‘R_useDynamicSymbols’
It is good practice to register native routines and to disable symbol
search.
See ‘Writing portable packages’ in the ‘Writing R Extensions’ manual.
Flavors: r-devel-linux-x86_64-fedora-clang, r-devel-linux-x86_64-fedora-gcc