Last updated on 2022-04-24 03:52:27 CEST.
Flavor | Version | Tinstall | Tcheck | Ttotal | Status | Flags |
---|---|---|---|---|---|---|
r-devel-linux-x86_64-debian-gcc | 1.0.1 | 136.62 | 193.57 | 330.19 | OK | |
r-devel-linux-x86_64-fedora-gcc | 1.0.1 | 549.05 | NOTE | |||
r-release-macos-x86_64 | 1.0.0 | NOTE | ||||
r-oldrel-macos-x86_64 | 1.0.0 | NOTE |
Version: 1.0.1
Check: dependencies in R code
Result: NOTE
Namespaces in Imports field not imported from:
‘MCMCpack’ ‘ggjoy’ ‘isotone’ ‘questionr’ ‘rprojroot’ ‘tidyverse’
All declared Imports should be used.
Flavor: r-devel-linux-x86_64-fedora-gcc
Version: 1.0.0
Check: installed package size
Result: NOTE
installed size is 7.4Mb
sub-directories of 1Mb or more:
libs 6.7Mb
Flavors: r-release-macos-x86_64, r-oldrel-macos-x86_64
Version: 1.0.0
Check: dependencies in R code
Result: NOTE
Namespaces in Imports field not imported from:
‘MCMCpack’ ‘ggjoy’ ‘isotone’ ‘mvtnorm’ ‘questionr’ ‘rprojroot’
‘tidyverse’
All declared Imports should be used.
Flavors: r-release-macos-x86_64, r-oldrel-macos-x86_64