Last updated on 2022-04-24 03:52:27 CEST.
Flavor | Version | Tinstall | Tcheck | Ttotal | Status | Flags |
---|---|---|---|---|---|---|
r-devel-linux-x86_64-debian-clang | 0.1.8 | 20.18 | 261.96 | 282.14 | OK | |
r-devel-linux-x86_64-debian-gcc | 0.1.8 | 14.79 | 193.42 | 208.21 | OK | |
r-devel-linux-x86_64-fedora-clang | 0.1.8 | 345.03 | NOTE | |||
r-devel-linux-x86_64-fedora-gcc | 0.1.8 | 324.27 | NOTE | |||
r-patched-linux-x86_64 | 0.1.8 | 20.51 | 246.80 | 267.31 | OK | |
r-release-linux-x86_64 | 0.1.8 | 1.09 | 11.41 | 12.50 | ERROR | |
r-release-macos-arm64 | 0.1.8 | NOTE | ||||
r-release-macos-x86_64 | 0.1.8 | NOTE | ||||
r-release-windows-x86_64 | 0.1.8 | 78.00 | 319.00 | 397.00 | NOTE | |
r-oldrel-macos-arm64 | 0.1.8 | NOTE | ||||
r-oldrel-macos-x86_64 | 0.1.8 | NOTE | ||||
r-oldrel-windows-ix86+x86_64 | 0.1.8 | 42.00 | 322.00 | 364.00 | NOTE |
Version: 0.1.8
Check: installed package size
Result: NOTE
installed size is 11.3Mb
sub-directories of 1Mb or more:
doc 10.8Mb
Flavors: r-devel-linux-x86_64-fedora-clang, r-release-macos-arm64, r-release-macos-x86_64, r-release-windows-x86_64, r-oldrel-macos-arm64, r-oldrel-macos-x86_64, r-oldrel-windows-ix86+x86_64
Version: 0.1.8
Check: dependencies in R code
Result: NOTE
Namespace in Imports field not imported from: ‘earth’
All declared Imports should be used.
Flavors: r-devel-linux-x86_64-fedora-clang, r-devel-linux-x86_64-fedora-gcc, r-release-macos-arm64, r-release-macos-x86_64, r-oldrel-macos-arm64, r-oldrel-macos-x86_64
Version: 0.1.8
Check: package dependencies
Result: ERROR
Package required but not available: ‘modeltime’
See section ‘The DESCRIPTION file’ in the ‘Writing R Extensions’
manual.
Flavor: r-release-linux-x86_64