Last updated on 2022-04-24 03:52:27 CEST.
Flavor | Version | Tinstall | Tcheck | Ttotal | Status | Flags |
---|---|---|---|---|---|---|
r-devel-linux-x86_64-debian-clang | 1.0.2 | 13.56 | 142.80 | 156.36 | OK | |
r-devel-linux-x86_64-debian-gcc | 1.0.2 | 10.63 | 103.54 | 114.17 | OK | |
r-devel-linux-x86_64-fedora-clang | 1.0.2 | 193.25 | NOTE | |||
r-devel-linux-x86_64-fedora-gcc | 1.0.2 | 173.45 | NOTE | |||
r-patched-linux-x86_64 | 1.0.2 | 11.33 | 134.68 | 146.01 | OK | |
r-release-linux-x86_64 | 1.0.2 | 0.40 | 11.23 | 11.63 | ERROR | |
r-release-macos-arm64 | 1.0.2 | NOTE | ||||
r-release-macos-x86_64 | 1.0.2 | NOTE | ||||
r-release-windows-x86_64 | 1.0.2 | 33.00 | 153.00 | 186.00 | OK | |
r-oldrel-macos-arm64 | 1.0.2 | NOTE | ||||
r-oldrel-macos-x86_64 | 1.0.2 | NOTE | ||||
r-oldrel-windows-ix86+x86_64 | 1.0.2 | 34.00 | 145.00 | 179.00 | OK |
Version: 1.0.2
Check: dependencies in R code
Result: NOTE
Namespaces in Imports field not imported from:
‘TidyDensity’ ‘healthyR’ ‘healthyR.ai’ ‘healthyR.data’ ‘healthyR.ts’
All declared Imports should be used.
Flavors: r-devel-linux-x86_64-fedora-clang, r-devel-linux-x86_64-fedora-gcc, r-release-macos-arm64, r-release-macos-x86_64, r-oldrel-macos-arm64, r-oldrel-macos-x86_64
Version: 1.0.2
Check: package dependencies
Result: ERROR
Package required but not available: ‘healthyR.ts’
See section ‘The DESCRIPTION file’ in the ‘Writing R Extensions’
manual.
Flavor: r-release-linux-x86_64