Last updated on 2022-04-24 03:52:27 CEST.
Flavor | Version | Tinstall | Tcheck | Ttotal | Status | Flags |
---|---|---|---|---|---|---|
r-devel-linux-x86_64-debian-clang | 0.1.2 | 4.90 | 60.22 | 65.12 | OK | |
r-devel-linux-x86_64-debian-gcc | 0.1.2 | 4.04 | 45.08 | 49.12 | OK | |
r-devel-linux-x86_64-fedora-clang | 0.1.2 | 82.80 | OK | |||
r-devel-linux-x86_64-fedora-gcc | 0.1.2 | 70.57 | OK | |||
r-patched-linux-x86_64 | 0.1.2 | 5.34 | 57.02 | 62.36 | OK | |
r-release-linux-x86_64 | 0.1.2 | 5.44 | 54.65 | 60.09 | OK | |
r-release-macos-arm64 | 0.1.2 | ERROR | ||||
r-release-macos-x86_64 | 0.1.2 | ERROR | ||||
r-release-windows-x86_64 | 0.1.2 | 24.00 | 79.00 | 103.00 | OK | |
r-oldrel-macos-arm64 | 0.1.2 | ERROR | ||||
r-oldrel-macos-x86_64 | 0.1.2 | ERROR | ||||
r-oldrel-windows-ix86+x86_64 | 0.1.2 | 12.00 | 68.00 | 80.00 | OK |
Version: 0.1.2
Check: package dependencies
Result: ERROR
Package required but not available: ‘Heatplus’
See section ‘The DESCRIPTION file’ in the ‘Writing R Extensions’
manual.
Flavors: r-release-macos-arm64, r-release-macos-x86_64, r-oldrel-macos-arm64, r-oldrel-macos-x86_64