Last updated on 2022-04-24 03:52:27 CEST.
Flavor | Version | Tinstall | Tcheck | Ttotal | Status | Flags |
---|---|---|---|---|---|---|
r-devel-linux-x86_64-debian-clang | 1.3.0 | 9.41 | 259.58 | 268.99 | OK | |
r-devel-linux-x86_64-debian-gcc | 1.3.0 | 7.99 | 178.57 | 186.56 | OK | |
r-devel-linux-x86_64-fedora-clang | 1.3.0 | 318.21 | NOTE | |||
r-devel-linux-x86_64-fedora-gcc | 1.3.0 | 281.34 | OK | |||
r-patched-linux-x86_64 | 1.3.0 | 14.34 | 235.21 | 249.55 | OK | |
r-release-linux-x86_64 | 1.3.0 | 7.95 | 222.38 | 230.33 | OK | |
r-release-macos-arm64 | 1.3.0 | NOTE | ||||
r-release-macos-x86_64 | 1.3.0 | NOTE | ||||
r-release-windows-x86_64 | 1.3.0 | 60.00 | 278.00 | 338.00 | NOTE | |
r-oldrel-macos-arm64 | 1.3.0 | NOTE | ||||
r-oldrel-macos-x86_64 | 1.3.0 | NOTE | ||||
r-oldrel-windows-ix86+x86_64 | 1.3.0 | 23.00 | 280.00 | 303.00 | NOTE |
Version: 1.3.0
Check: installed package size
Result: NOTE
installed size is 5.5Mb
sub-directories of 1Mb or more:
doc 5.1Mb
Flavors: r-devel-linux-x86_64-fedora-clang, r-release-macos-arm64, r-release-macos-x86_64, r-release-windows-x86_64, r-oldrel-macos-arm64, r-oldrel-macos-x86_64, r-oldrel-windows-ix86+x86_64