Last updated on 2022-04-24 03:52:27 CEST.
Flavor | Version | Tinstall | Tcheck | Ttotal | Status | Flags |
---|---|---|---|---|---|---|
r-devel-linux-x86_64-debian-clang | 0.1 | 3.33 | 85.35 | 88.68 | OK | |
r-devel-linux-x86_64-debian-gcc | 0.1 | 2.91 | 61.55 | 64.46 | OK | |
r-devel-linux-x86_64-fedora-clang | 0.1 | 106.79 | OK | |||
r-devel-linux-x86_64-fedora-gcc | 0.1 | 92.33 | OK | |||
r-patched-linux-x86_64 | 0.1 | 3.56 | 80.95 | 84.51 | OK | |
r-release-linux-x86_64 | 0.1 | 3.70 | 82.92 | 86.62 | OK | |
r-release-macos-arm64 | 0.1 | OK | ||||
r-release-macos-x86_64 | 0.1 | OK | ||||
r-release-windows-x86_64 | 0.1 | 22.00 | 109.00 | 131.00 | OK | |
r-oldrel-macos-arm64 | 0.1 | OK | ||||
r-oldrel-macos-x86_64 | 0.1 | OK | ||||
r-oldrel-windows-ix86+x86_64 | 0.1 | 8.00 | 86.00 | 94.00 | WARN |
Version: 0.1
Check: re-building of vignette outputs
Result: WARN
Error(s) in re-building vignettes:
--- re-building 'hedgehog.Rmd' using rmarkdown
Error: processing vignette 'hedgehog.Rmd' failed with diagnostics:
only `math_method = 'mathjax'` is supported with earlier version than Pandoc 2.0
--- failed re-building 'hedgehog.Rmd'
--- re-building 'state-machines.Rmd' using rmarkdown
Error: processing vignette 'state-machines.Rmd' failed with diagnostics:
only `math_method = 'mathjax'` is supported with earlier version than Pandoc 2.0
--- failed re-building 'state-machines.Rmd'
SUMMARY: processing the following files failed:
'hedgehog.Rmd' 'state-machines.Rmd'
Error: Vignette re-building failed.
Execution halted
Flavor: r-oldrel-windows-ix86+x86_64