Last updated on 2022-04-24 03:52:27 CEST.
Flavor | Version | Tinstall | Tcheck | Ttotal | Status | Flags |
---|---|---|---|---|---|---|
r-devel-linux-x86_64-debian-clang | 1.3-9 | 8.15 | 130.39 | 138.54 | OK | |
r-devel-linux-x86_64-debian-gcc | 1.3-9 | 5.52 | 94.96 | 100.48 | OK | |
r-devel-linux-x86_64-fedora-clang | 1.3-9 | 173.48 | NOTE | |||
r-devel-linux-x86_64-fedora-gcc | 1.3-9 | 147.42 | OK | |||
r-patched-linux-x86_64 | 1.3-9 | 6.64 | 124.83 | 131.47 | OK | |
r-release-linux-x86_64 | 1.3-9 | 6.81 | 123.90 | 130.71 | OK | |
r-release-macos-arm64 | 1.3-9 | OK | ||||
r-release-macos-x86_64 | 1.3-9 | OK | ||||
r-release-windows-x86_64 | 1.3-9 | 49.00 | 208.00 | 257.00 | OK | |
r-oldrel-macos-arm64 | 1.3-9 | OK | ||||
r-oldrel-macos-x86_64 | 1.3-9 | OK | ||||
r-oldrel-windows-ix86+x86_64 | 1.3-9 | 13.00 | 158.00 | 171.00 | OK |
Version: 1.3-9
Check: Rd cross-references
Result: NOTE
Undeclared packages ‘Sleuth2’, ‘rrcov’, ‘carData’, ‘qqtest’ in Rd xrefs
Flavor: r-devel-linux-x86_64-fedora-clang