Last updated on 2022-04-24 03:52:27 CEST.
Flavor | Version | Tinstall | Tcheck | Ttotal | Status | Flags |
---|---|---|---|---|---|---|
r-devel-linux-x86_64-debian-clang | 1.3 | 3.27 | 45.97 | 49.24 | NOTE | |
r-devel-linux-x86_64-debian-gcc | 1.3 | 3.11 | 34.34 | 37.45 | NOTE | |
r-devel-linux-x86_64-fedora-clang | 1.3 | 59.02 | NOTE | |||
r-devel-linux-x86_64-fedora-gcc | 1.3 | 45.29 | NOTE | |||
r-patched-linux-x86_64 | 1.3 | 3.22 | 43.33 | 46.55 | NOTE | |
r-release-linux-x86_64 | 1.3 | 2.42 | 41.52 | 43.94 | NOTE | |
r-release-macos-arm64 | 1.3 | NOTE | ||||
r-release-macos-x86_64 | 1.3 | NOTE | ||||
r-release-windows-x86_64 | 1.3 | 33.00 | 61.00 | 94.00 | NOTE | |
r-oldrel-macos-arm64 | 1.3 | NOTE | ||||
r-oldrel-macos-x86_64 | 1.3 | NOTE | ||||
r-oldrel-windows-ix86+x86_64 | 1.3 | 8.00 | 51.00 | 59.00 | OK |
Version: 1.3
Check: package dependencies
Result: NOTE
Package suggested but not available for checking: 'synbreed'
Flavors: r-devel-linux-x86_64-debian-clang, r-devel-linux-x86_64-debian-gcc, r-devel-linux-x86_64-fedora-clang, r-devel-linux-x86_64-fedora-gcc, r-patched-linux-x86_64, r-release-linux-x86_64, r-release-macos-arm64, r-release-macos-x86_64, r-release-windows-x86_64, r-oldrel-macos-arm64, r-oldrel-macos-x86_64