Last updated on 2022-04-24 03:52:27 CEST.
Flavor | Version | Tinstall | Tcheck | Ttotal | Status | Flags |
---|---|---|---|---|---|---|
r-devel-linux-x86_64-debian-clang | 0.5.2 | 353.14 | 454.73 | 807.87 | OK | |
r-devel-linux-x86_64-debian-gcc | 0.5.2 | 313.62 | 318.19 | 631.81 | OK | |
r-devel-linux-x86_64-fedora-clang | 0.5.2 | 1104.84 | NOTE | |||
r-devel-linux-x86_64-fedora-gcc | 0.5.2 | 1089.89 | NOTE | |||
r-patched-linux-x86_64 | 0.5.2 | 336.91 | 394.24 | 731.15 | OK | |
r-release-linux-x86_64 | 0.5.2 | 328.05 | 403.57 | 731.62 | OK | |
r-release-macos-arm64 | 0.5.2 | NOTE | ||||
r-release-macos-x86_64 | 0.5.2 | NOTE | ||||
r-release-windows-x86_64 | 0.5.2 | 492.00 | 589.00 | 1081.00 | NOTE | |
r-oldrel-macos-arm64 | 0.5.2 | NOTE | ||||
r-oldrel-macos-x86_64 | 0.5.2 | NOTE | ||||
r-oldrel-windows-ix86+x86_64 | 0.5.2 | 830.00 | 642.00 | 1472.00 | NOTE |
Version: 0.5.2
Check: installed package size
Result: NOTE
installed size is 21.1Mb
sub-directories of 1Mb or more:
doc 2.2Mb
libs 17.0Mb
Flavors: r-devel-linux-x86_64-fedora-clang, r-release-macos-arm64, r-release-macos-x86_64, r-release-windows-x86_64, r-oldrel-macos-arm64, r-oldrel-macos-x86_64, r-oldrel-windows-ix86+x86_64
Version: 0.5.2
Check: dependencies in R code
Result: NOTE
Namespace in Imports field not imported from: ‘R6’
All declared Imports should be used.
Flavors: r-devel-linux-x86_64-fedora-clang, r-devel-linux-x86_64-fedora-gcc, r-release-macos-arm64, r-release-macos-x86_64, r-oldrel-macos-arm64, r-oldrel-macos-x86_64