Last updated on 2022-04-24 03:52:27 CEST.
Flavor | Version | Tinstall | Tcheck | Ttotal | Status | Flags |
---|---|---|---|---|---|---|
r-devel-linux-x86_64-debian-clang | 0.1.1 | 12.76 | 326.59 | 339.35 | OK | |
r-devel-linux-x86_64-debian-gcc | 0.1.1 | 9.71 | 234.69 | 244.40 | OK | |
r-devel-linux-x86_64-fedora-clang | 0.1.1 | 385.82 | NOTE | |||
r-devel-linux-x86_64-fedora-gcc | 0.1.1 | 379.87 | NOTE | |||
r-patched-linux-x86_64 | 0.1.1 | 8.81 | 303.91 | 312.72 | OK | |
r-release-linux-x86_64 | 0.1.1 | 6.99 | 278.68 | 285.67 | OK | |
r-release-macos-arm64 | 0.1.1 | NOTE | ||||
r-release-macos-x86_64 | 0.1.1 | NOTE | ||||
r-release-windows-x86_64 | 0.1.1 | 29.00 | 423.00 | 452.00 | OK | |
r-oldrel-macos-arm64 | 0.1.1 | NOTE | ||||
r-oldrel-macos-x86_64 | 0.1.1 | NOTE | ||||
r-oldrel-windows-ix86+x86_64 | 0.1.1 | 25.00 | 336.00 | 361.00 | OK |
Version: 0.1.1
Check: dependencies in R code
Result: NOTE
Namespaces in Imports field not imported from:
‘dplyr’ ‘purrr’ ‘tidyverse’
All declared Imports should be used.
Flavors: r-devel-linux-x86_64-fedora-clang, r-devel-linux-x86_64-fedora-gcc, r-release-macos-arm64, r-release-macos-x86_64, r-oldrel-macos-arm64, r-oldrel-macos-x86_64