Last updated on 2022-04-24 03:52:27 CEST.
Flavor | Version | Tinstall | Tcheck | Ttotal | Status | Flags |
---|---|---|---|---|---|---|
r-devel-linux-x86_64-debian-clang | 0.4.9 | 6.95 | 73.40 | 80.35 | NOTE | |
r-devel-linux-x86_64-debian-gcc | 0.4.9 | 5.52 | 54.89 | 60.41 | NOTE | |
r-devel-linux-x86_64-fedora-clang | 0.4.9 | 96.99 | NOTE | |||
r-devel-linux-x86_64-fedora-gcc | 0.4.9 | 79.89 | NOTE | |||
r-patched-linux-x86_64 | 0.4.9 | 7.11 | 67.63 | 74.74 | NOTE | |
r-release-linux-x86_64 | 0.4.9 | 6.05 | 62.27 | 68.32 | NOTE | |
r-release-macos-arm64 | 0.4.9 | NOTE | ||||
r-release-macos-x86_64 | 0.4.9 | NOTE | ||||
r-release-windows-x86_64 | 0.4.9 | 15.00 | 92.00 | 107.00 | NOTE | |
r-oldrel-macos-arm64 | 0.4.9 | NOTE | ||||
r-oldrel-macos-x86_64 | 0.4.9 | NOTE | ||||
r-oldrel-windows-ix86+x86_64 | 0.4.9 | 18.00 | 80.00 | 98.00 | NOTE |
Version: 0.4.9
Check: LazyData
Result: NOTE
'LazyData' is specified without a 'data' directory
Flavors: r-devel-linux-x86_64-debian-clang, r-devel-linux-x86_64-debian-gcc, r-devel-linux-x86_64-fedora-clang, r-devel-linux-x86_64-fedora-gcc, r-patched-linux-x86_64, r-release-linux-x86_64, r-release-macos-arm64, r-release-macos-x86_64, r-release-windows-x86_64, r-oldrel-macos-arm64, r-oldrel-macos-x86_64, r-oldrel-windows-ix86+x86_64