Last updated on 2022-04-24 03:52:27 CEST.
Flavor | Version | Tinstall | Tcheck | Ttotal | Status | Flags |
---|---|---|---|---|---|---|
r-devel-linux-x86_64-debian-clang | 1.28.2 | 10.77 | 82.57 | 93.34 | OK | |
r-devel-linux-x86_64-debian-gcc | 1.28.2 | 8.86 | 63.94 | 72.80 | OK | |
r-devel-linux-x86_64-fedora-clang | 1.28.2 | 122.30 | OK | |||
r-devel-linux-x86_64-fedora-gcc | 1.28.2 | 106.26 | OK | |||
r-patched-linux-x86_64 | 1.28.2 | 13.14 | 79.63 | 92.77 | OK | |
r-release-linux-x86_64 | 1.28.2 | 9.94 | 78.22 | 88.16 | OK | |
r-release-macos-arm64 | 1.28.2 | NOTE | ||||
r-release-macos-x86_64 | 1.28.2 | OK | ||||
r-release-windows-x86_64 | 1.28.2 | 48.00 | 121.00 | 169.00 | OK | |
r-oldrel-macos-arm64 | 1.28.2 | NOTE | ||||
r-oldrel-macos-x86_64 | 1.28.2 | OK | ||||
r-oldrel-windows-ix86+x86_64 | 1.28.2 | 25.00 | 122.00 | 147.00 | OK |
Version: 1.28.2
Check: package dependencies
Result: NOTE
Package suggested but not available for checking: ‘marray’
Flavors: r-release-macos-arm64, r-oldrel-macos-arm64