Last updated on 2022-04-24 03:52:27 CEST.
Flavor | Version | Tinstall | Tcheck | Ttotal | Status | Flags |
---|---|---|---|---|---|---|
r-devel-linux-x86_64-debian-clang | 0.6 | 2.40 | 45.55 | 47.95 | NOTE | |
r-devel-linux-x86_64-debian-gcc | 0.6 | 2.27 | 36.10 | 38.37 | NOTE | |
r-devel-linux-x86_64-fedora-clang | 0.6 | 58.23 | OK | |||
r-devel-linux-x86_64-fedora-gcc | 0.6 | 47.35 | OK | |||
r-patched-linux-x86_64 | 0.6 | 2.45 | 44.11 | 46.56 | NOTE | |
r-release-linux-x86_64 | 0.6 | 2.65 | 38.69 | 41.34 | NOTE | |
r-release-macos-arm64 | 0.6 | OK | ||||
r-release-macos-x86_64 | 0.6 | OK | ||||
r-release-windows-x86_64 | 0.6 | 12.00 | 71.00 | 83.00 | NOTE | |
r-oldrel-macos-arm64 | 0.6 | OK | ||||
r-oldrel-macos-x86_64 | 0.6 | OK | ||||
r-oldrel-windows-ix86+x86_64 | 0.6 | 7.00 | 52.00 | 59.00 | NOTE |
Version: 0.6
Check: package vignettes
Result: NOTE
Package vignette with placeholder title 'Vignette Title':
'hexbin-classes.Rmd'
Flavors: r-devel-linux-x86_64-debian-clang, r-devel-linux-x86_64-debian-gcc, r-patched-linux-x86_64, r-release-linux-x86_64, r-release-windows-x86_64, r-oldrel-windows-ix86+x86_64