Last updated on 2022-04-24 03:52:27 CEST.
Flavor | Version | Tinstall | Tcheck | Ttotal | Status | Flags |
---|---|---|---|---|---|---|
r-devel-linux-x86_64-debian-clang | 0.2.11 | 8.47 | 91.62 | 100.09 | OK | |
r-devel-linux-x86_64-debian-gcc | 0.2.11 | 7.13 | 68.34 | 75.47 | OK | |
r-devel-linux-x86_64-fedora-clang | 0.2.11 | 116.39 | NOTE | |||
r-devel-linux-x86_64-fedora-gcc | 0.2.11 | 102.55 | NOTE | |||
r-patched-linux-x86_64 | 0.2.11 | 8.14 | 84.39 | 92.53 | OK | |
r-release-linux-x86_64 | 0.2.11 | 7.84 | 79.99 | 87.83 | OK | |
r-release-macos-arm64 | 0.2.11 | NOTE | ||||
r-release-macos-x86_64 | 0.2.11 | NOTE | ||||
r-release-windows-x86_64 | 0.2.11 | 30.00 | 106.00 | 136.00 | OK | |
r-oldrel-macos-arm64 | 0.2.11 | NOTE | ||||
r-oldrel-macos-x86_64 | 0.2.11 | NOTE | ||||
r-oldrel-windows-ix86+x86_64 | 0.2.11 | 19.00 | 96.00 | 115.00 | OK |
Version: 0.2.11
Check: dependencies in R code
Result: NOTE
Namespace in Imports field not imported from: ‘usethis’
All declared Imports should be used.
Flavors: r-devel-linux-x86_64-fedora-clang, r-devel-linux-x86_64-fedora-gcc, r-release-macos-arm64, r-release-macos-x86_64, r-oldrel-macos-arm64, r-oldrel-macos-x86_64